CRAN Package Check Results for Package qtl2

Last updated on 2024-06-13 06:58:14 CEST.

Flavor Version Tinstall Tcheck Ttotal Status Flags
r-devel-linux-x86_64-debian-clang 0.36 978.13 271.67 1249.80 OK
r-devel-linux-x86_64-debian-gcc 0.36 0.80 1.74 2.54 ERROR
r-devel-linux-x86_64-fedora-clang 0.36 1818.24 NOTE
r-devel-linux-x86_64-fedora-gcc 0.36 1862.70 OK
r-devel-windows-x86_64 0.36 707.00 256.00 963.00 NOTE
r-patched-linux-x86_64 0.36 809.50 265.69 1075.19 OK
r-release-linux-x86_64 0.36 841.11 256.50 1097.61 OK
r-release-macos-arm64 0.36 295.00 NOTE
r-release-macos-x86_64 0.36 277.00 NOTE
r-release-windows-x86_64 0.36 721.00 265.00 986.00 NOTE
r-oldrel-macos-arm64 0.36 290.00 NOTE
r-oldrel-macos-x86_64 0.36 323.00 NOTE
r-oldrel-windows-x86_64 0.36 872.00 320.00 1192.00 NOTE

Check Details

Version: 0.36
Check: package dependencies
Result: ERROR Package required but not available: ‘RSQLite’ Packages suggested but not available for checking: 'testthat', 'devtools', 'roxygen2', 'vdiffr' See section ‘The DESCRIPTION file’ in the ‘Writing R Extensions’ manual. Flavor: r-devel-linux-x86_64-debian-gcc

Version: 0.36
Check: installed package size
Result: NOTE installed size is 6.4Mb sub-directories of 1Mb or more: extdata 3.3Mb libs 1.7Mb Flavors: r-devel-linux-x86_64-fedora-clang, r-devel-windows-x86_64, r-release-macos-arm64, r-release-macos-x86_64, r-release-windows-x86_64, r-oldrel-macos-arm64, r-oldrel-macos-x86_64, r-oldrel-windows-x86_64