CRAN Package Check Results for Package qtl2ggplot

Last updated on 2021-12-06 05:53:19 CET.

Flavor Version Tinstall Tcheck Ttotal Status Flags
r-devel-linux-x86_64-debian-clang 1.1.0 22.21 171.72 193.93 OK
r-devel-linux-x86_64-debian-gcc 1.1.0 17.52 125.69 143.21 OK
r-devel-linux-x86_64-fedora-clang 1.1.0 240.11 NOTE
r-devel-linux-x86_64-fedora-gcc 1.1.0 223.26 OK
r-devel-windows-x86_64-new-UL 1.1.0 40.00 282.00 322.00 NOTE
r-devel-windows-x86_64-new-TK 1.1.0 OK
r-devel-windows-x86_64-old 1.1.0 34.00 153.00 187.00 NOTE
r-patched-linux-x86_64 1.1.0 23.43 148.65 172.08 OK
r-release-linux-x86_64 1.1.0 22.35 157.95 180.30 OK
r-release-macos-arm64 1.1.0 NOTE
r-release-macos-x86_64 1.1.0 NOTE
r-release-windows-ix86+x86_64 1.1.0 56.00 250.00 306.00 NOTE
r-oldrel-macos-x86_64 1.1.0 NOTE
r-oldrel-windows-ix86+x86_64 1.1.0 57.00 256.00 313.00 NOTE

Check Details

Version: 1.1.0
Check: installed package size
Result: NOTE
     installed size is 5.1Mb
     sub-directories of 1Mb or more:
     doc 4.4Mb
Flavors: r-devel-linux-x86_64-fedora-clang, r-devel-windows-x86_64-new-UL, r-devel-windows-x86_64-old, r-release-macos-arm64, r-release-macos-x86_64, r-release-windows-ix86+x86_64, r-oldrel-macos-x86_64, r-oldrel-windows-ix86+x86_64