CRAN Package Check Results for Package qtl2pattern

Last updated on 2021-12-07 05:55:14 CET.

Flavor Version Tinstall Tcheck Ttotal Status Flags
r-devel-linux-x86_64-debian-clang 1.0.17 9.64 95.96 105.60 OK
r-devel-linux-x86_64-debian-gcc 1.0.17 7.37 72.33 79.70 OK
r-devel-linux-x86_64-fedora-clang 1.0.17 127.47 NOTE
r-devel-linux-x86_64-fedora-gcc 1.0.17 112.66 NOTE
r-devel-windows-x86_64-new-UL 1.0.17 21.00 143.00 164.00 OK
r-devel-windows-x86_64-new-TK 1.0.17 NOTE
r-devel-windows-x86_64-old 1.0.17 40.00 85.00 125.00 OK
r-patched-linux-x86_64 1.0.17 10.04 89.24 99.28 OK
r-release-linux-x86_64 1.0.17 8.55 89.35 97.90 OK
r-release-macos-arm64 1.0.17 NOTE
r-release-macos-x86_64 1.0.17 NOTE
r-release-windows-ix86+x86_64 1.0.17 14.00 110.00 124.00 OK
r-oldrel-macos-x86_64 1.0.17 NOTE
r-oldrel-windows-ix86+x86_64 1.0.17 19.00 110.00 129.00 OK

Check Details

Version: 1.0.17
Check: dependencies in R code
Result: NOTE
    Namespaces in Imports field not imported from:
     ‘RColorBrewer’ ‘purrr’
     All declared Imports should be used.
Flavors: r-devel-linux-x86_64-fedora-clang, r-devel-linux-x86_64-fedora-gcc, r-devel-windows-x86_64-new-TK, r-release-macos-arm64, r-release-macos-x86_64, r-oldrel-macos-x86_64