CRAN Package Check Results for Package quad

Last updated on 2020-05-30 05:48:14 CEST.

Flavor Version Tinstall Tcheck Ttotal Status Flags
r-devel-linux-x86_64-debian-clang 1.0 2.14 20.47 22.61 NOTE
r-devel-linux-x86_64-debian-gcc 1.0 1.57 16.20 17.77 NOTE
r-devel-linux-x86_64-fedora-clang 1.0 27.61 NOTE
r-devel-linux-x86_64-fedora-gcc 1.0 27.13 NOTE
r-devel-windows-ix86+x86_64 1.0 7.00 44.00 51.00 NOTE
r-patched-linux-x86_64 1.0 1.94 20.30 22.24 NOTE
r-patched-solaris-x86 1.0 42.40 NOTE
r-release-linux-x86_64 1.0 1.89 20.25 22.14 NOTE
r-release-osx-x86_64 1.0 NOTE
r-release-windows-ix86+x86_64 1.0 5.00 45.00 50.00 NOTE
r-oldrel-osx-x86_64 1.0 NOTE
r-oldrel-windows-ix86+x86_64 1.0 4.00 42.00 46.00 NOTE

Check Details

Version: 1.0
Check: R code for possible problems
Result: NOTE
    quadp: no visible global function definition for 'var'
    Undefined global functions or variables:
     var
    Consider adding
     importFrom("stats", "var")
    to your NAMESPACE file.
Flavors: r-devel-linux-x86_64-debian-clang, r-devel-linux-x86_64-debian-gcc, r-devel-linux-x86_64-fedora-clang, r-devel-linux-x86_64-fedora-gcc, r-devel-windows-ix86+x86_64, r-patched-linux-x86_64, r-patched-solaris-x86, r-release-linux-x86_64, r-release-osx-x86_64, r-release-windows-ix86+x86_64, r-oldrel-osx-x86_64, r-oldrel-windows-ix86+x86_64