CRAN Package Check Results for Package quad

Last updated on 2019-10-21 05:47:10 CEST.

Flavor Version Tinstall Tcheck Ttotal Status Flags
r-devel-linux-x86_64-debian-clang 1.0 1.80 18.26 20.06 NOTE
r-devel-linux-x86_64-debian-gcc 1.0 1.48 15.06 16.54 NOTE
r-devel-linux-x86_64-fedora-clang 1.0 25.47 NOTE
r-devel-linux-x86_64-fedora-gcc 1.0 24.92 NOTE
r-devel-windows-ix86+x86_64 1.0 9.00 31.00 40.00 NOTE
r-patched-linux-x86_64 1.0 1.39 18.37 19.76 NOTE
r-patched-solaris-x86 1.0 38.60 NOTE
r-release-linux-x86_64 1.0 1.51 18.30 19.81 NOTE
r-release-windows-ix86+x86_64 1.0 4.00 42.00 46.00 NOTE
r-release-osx-x86_64 1.0 NOTE
r-oldrel-windows-ix86+x86_64 1.0 2.00 39.00 41.00 NOTE
r-oldrel-osx-x86_64 1.0 NOTE

Check Details

Version: 1.0
Check: R code for possible problems
Result: NOTE
    quadp: no visible global function definition for 'var'
    Undefined global functions or variables:
     var
    Consider adding
     importFrom("stats", "var")
    to your NAMESPACE file.
Flavors: r-devel-linux-x86_64-debian-clang, r-devel-linux-x86_64-debian-gcc, r-devel-linux-x86_64-fedora-clang, r-devel-linux-x86_64-fedora-gcc, r-devel-windows-ix86+x86_64, r-patched-linux-x86_64, r-patched-solaris-x86, r-release-linux-x86_64, r-release-windows-ix86+x86_64, r-release-osx-x86_64, r-oldrel-windows-ix86+x86_64, r-oldrel-osx-x86_64