CRAN Package Check Results for Package quanteda.textmodels

Last updated on 2022-01-28 05:49:06 CET.

Flavor Version Tinstall Tcheck Ttotal Status Flags
r-devel-linux-x86_64-debian-clang 0.9.4 120.74 292.93 413.67 OK
r-devel-linux-x86_64-debian-gcc 0.9.4 97.32 234.69 332.01 OK
r-devel-linux-x86_64-fedora-clang 0.9.4 577.61 NOTE
r-devel-linux-x86_64-fedora-gcc 0.9.4 556.18 NOTE
r-devel-windows-x86_64-new-UL 0.9.4 400.00 383.00 783.00 NOTE
r-devel-windows-x86_64-new-TK 0.9.4 NOTE
r-patched-linux-x86_64 0.9.4 118.67 254.20 372.87 OK
r-release-linux-x86_64 0.9.4 108.36 251.24 359.60 OK
r-release-macos-arm64 0.9.4 NOTE
r-release-macos-x86_64 0.9.4 NOTE
r-release-windows-ix86+x86_64 0.9.4 297.00 455.00 752.00 NOTE
r-oldrel-macos-x86_64 0.9.4 NOTE
r-oldrel-windows-ix86+x86_64 0.9.4 296.00 431.00 727.00 NOTE

Check Details

Version: 0.9.4
Check: installed package size
Result: NOTE
     installed size is 10.1Mb
     sub-directories of 1Mb or more:
     data 3.8Mb
     libs 5.9Mb
Flavors: r-devel-linux-x86_64-fedora-clang, r-devel-windows-x86_64-new-UL, r-release-macos-arm64, r-release-macos-x86_64, r-release-windows-ix86+x86_64, r-oldrel-macos-x86_64, r-oldrel-windows-ix86+x86_64

Version: 0.9.4
Check: data for non-ASCII characters
Result: NOTE
     Note: found 35707 marked UTF-8 strings
Flavors: r-devel-linux-x86_64-fedora-clang, r-devel-linux-x86_64-fedora-gcc, r-devel-windows-x86_64-new-TK, r-release-macos-arm64, r-release-macos-x86_64, r-oldrel-macos-x86_64