CRAN Package Check Results for Package quanteda.textplots

Last updated on 2021-12-06 05:53:19 CET.

Flavor Version Tinstall Tcheck Ttotal Status Flags
r-devel-linux-x86_64-debian-clang 0.94 26.35 150.98 177.33 NOTE
r-devel-linux-x86_64-debian-gcc 0.94 21.94 113.24 135.18 NOTE
r-devel-linux-x86_64-fedora-clang 0.94 221.54 NOTE
r-devel-linux-x86_64-fedora-gcc 0.94 216.17 NOTE
r-devel-windows-x86_64-new-UL 0.94 42.00 218.00 260.00 NOTE
r-devel-windows-x86_64-new-TK 0.94 NOTE
r-devel-windows-x86_64-old 0.94 38.00 136.00 174.00 NOTE
r-patched-linux-x86_64 0.94 30.71 134.88 165.59 NOTE
r-release-linux-x86_64 0.94 25.39 141.37 166.76 NOTE
r-release-macos-arm64 0.94 NOTE
r-release-macos-x86_64 0.94 NOTE
r-release-windows-ix86+x86_64 0.94 65.00 259.00 324.00 NOTE
r-oldrel-macos-x86_64 0.94 OK
r-oldrel-windows-ix86+x86_64 0.94 65.00 266.00 331.00 OK

Check Details

Version: 0.94
Check: LazyData
Result: NOTE
     'LazyData' is specified without a 'data' directory
Flavors: r-devel-linux-x86_64-debian-clang, r-devel-linux-x86_64-debian-gcc, r-devel-linux-x86_64-fedora-clang, r-devel-linux-x86_64-fedora-gcc, r-devel-windows-x86_64-new-UL, r-devel-windows-x86_64-new-TK, r-devel-windows-x86_64-old, r-patched-linux-x86_64, r-release-linux-x86_64, r-release-macos-arm64, r-release-macos-x86_64, r-release-windows-ix86+x86_64