CRAN Package Check Results for Package quantmod

Last updated on 2020-09-22 05:51:00 CEST.

Flavor Version Tinstall Tcheck Ttotal Status Flags
r-devel-linux-x86_64-debian-clang 0.4.17 18.54 84.09 102.63 NOTE
r-devel-linux-x86_64-debian-gcc 0.4.17 0.43 2.58 3.01 ERROR
r-devel-linux-x86_64-fedora-clang 0.4.17 134.08 OK
r-devel-linux-x86_64-fedora-gcc 0.4.17 123.48 OK
r-devel-windows-ix86+x86_64 0.4.17 30.00 97.00 127.00 OK
r-patched-linux-x86_64 0.4.17 14.99 82.95 97.94 NOTE
r-patched-solaris-x86 0.4.17 148.30 OK
r-release-linux-x86_64 0.4.17 18.04 84.21 102.25 NOTE
r-release-macos-x86_64 0.4.17 OK
r-release-windows-ix86+x86_64 0.4.17 30.00 112.00 142.00 OK
r-oldrel-macos-x86_64 0.4.17 OK
r-oldrel-windows-ix86+x86_64 0.4.17 18.00 109.00 127.00 OK

Check Details

Version: 0.4.17
Check: R code for possible problems
Result: NOTE
    Found the following calls to attach():
    File 'quantmod/R/attachSymbols.R':
     attach(NULL, pos = pos, name = DB$name)
     attach(NULL, pos = pos, name = DB$name)
    See section 'Good practice' in '?attach'.
Flavors: r-devel-linux-x86_64-debian-clang, r-patched-linux-x86_64, r-release-linux-x86_64

Version: 0.4.17
Check: whether package can be installed
Result: ERROR
    Installation failed.
Flavor: r-devel-linux-x86_64-debian-gcc