CRAN Package Check Results for Package quickcheck

Last updated on 2024-06-13 06:58:14 CEST.

Flavor Version Tinstall Tcheck Ttotal Status Flags
r-devel-linux-x86_64-debian-clang 0.1.3 3.65 502.08 505.73 OK
r-devel-linux-x86_64-debian-gcc 0.1.3 0.42 1.72 2.14 ERROR
r-devel-linux-x86_64-fedora-clang 0.1.3 603.44 OK
r-devel-linux-x86_64-fedora-gcc 0.1.3 601.28 OK
r-devel-windows-x86_64 0.1.3 4.00 393.00 397.00 OK
r-patched-linux-x86_64 0.1.3 2.81 475.06 477.87 OK
r-release-linux-x86_64 0.1.3 2.30 476.08 478.38 OK
r-release-macos-arm64 0.1.3 143.00 OK
r-release-macos-x86_64 0.1.3 277.00 OK
r-release-windows-x86_64 0.1.3 4.00 392.00 396.00 OK
r-oldrel-macos-arm64 0.1.3 143.00 OK
r-oldrel-macos-x86_64 0.1.3 345.00 OK
r-oldrel-windows-x86_64 0.1.3 5.00 485.00 490.00 OK

Check Details

Version: 0.1.3
Check: package dependencies
Result: ERROR Packages required but not available: 'testthat', 'hedgehog', 'purrr', 'tibble', 'hms' Package suggested but not available for checking: ‘dplyr’ See section ‘The DESCRIPTION file’ in the ‘Writing R Extensions’ manual. Flavor: r-devel-linux-x86_64-debian-gcc