CRAN Package Check Results for Package quollr

Last updated on 2024-06-13 06:58:14 CEST.

Flavor Version Tinstall Tcheck Ttotal Status Flags
r-devel-linux-x86_64-debian-clang 0.1.1 8.15 104.25 112.40 OK
r-devel-linux-x86_64-debian-gcc 0.1.1 0.51 1.90 2.41 ERROR
r-devel-linux-x86_64-fedora-clang 0.1.1 144.95 OK
r-devel-linux-x86_64-fedora-gcc 0.1.1 144.45 OK
r-devel-windows-x86_64 0.1.1 9.00 99.00 108.00 OK
r-patched-linux-x86_64 0.1.1 8.77 97.80 106.57 OK
r-release-linux-x86_64 0.1.1 5.45 97.50 102.95 OK
r-release-macos-arm64 0.1.1 49.00 OK
r-release-macos-x86_64 0.1.1 74.00 OK
r-release-windows-x86_64 0.1.1 10.00 103.00 113.00 OK
r-oldrel-macos-arm64 0.1.1 60.00 OK
r-oldrel-macos-x86_64 0.1.1 99.00 OK
r-oldrel-windows-x86_64 0.1.1 11.00 112.00 123.00 OK

Check Details

Version: 0.1.1
Check: package dependencies
Result: ERROR Packages required but not available: 'dplyr', 'ggplot2', 'rsample', 'tibble', 'tidyselect' Packages suggested but not available for checking: 'testthat', 'vdiffr' See section ‘The DESCRIPTION file’ in the ‘Writing R Extensions’ manual. Flavor: r-devel-linux-x86_64-debian-gcc