CRAN Package Check Results for Package r2d3

Last updated on 2021-12-03 05:52:09 CET.

Flavor Version Tinstall Tcheck Ttotal Status Flags
r-devel-linux-x86_64-debian-clang 0.2.5 3.60 35.63 39.23 NOTE
r-devel-linux-x86_64-debian-gcc 0.2.5 2.28 28.42 30.70 NOTE
r-devel-linux-x86_64-fedora-clang 0.2.5 59.02 NOTE
r-devel-linux-x86_64-fedora-gcc 0.2.5 46.68 NOTE
r-devel-windows-x86_64-new-UL 0.2.5 12.00 89.00 101.00 NOTE
r-devel-windows-x86_64-new-TK 0.2.5 NOTE
r-devel-windows-x86_64-old 0.2.5 6.00 50.00 56.00 NOTE
r-patched-linux-x86_64 0.2.5 3.34 36.70 40.04 NOTE
r-patched-solaris-x86 0.2.5 75.60 NOTE
r-release-linux-x86_64 0.2.5 3.15 36.54 39.69 NOTE
r-release-macos-arm64 0.2.5 NOTE
r-release-macos-x86_64 0.2.5 NOTE
r-release-windows-ix86+x86_64 0.2.5 7.00 59.00 66.00 NOTE
r-oldrel-macos-x86_64 0.2.5 OK
r-oldrel-windows-ix86+x86_64 0.2.5 7.00 58.00 65.00 OK

Check Details

Version: 0.2.5
Check: LazyData
Result: NOTE
     'LazyData' is specified without a 'data' directory
Flavors: r-devel-linux-x86_64-debian-clang, r-devel-linux-x86_64-debian-gcc, r-devel-linux-x86_64-fedora-clang, r-devel-linux-x86_64-fedora-gcc, r-devel-windows-x86_64-new-UL, r-devel-windows-x86_64-new-TK, r-devel-windows-x86_64-old, r-patched-linux-x86_64, r-patched-solaris-x86, r-release-linux-x86_64, r-release-macos-arm64, r-release-macos-x86_64, r-release-windows-ix86+x86_64