CRAN Package Check Results for Package r2pmml

Last updated on 2021-05-06 05:47:44 CEST.

Flavor Version Tinstall Tcheck Ttotal Status Flags
r-devel-linux-x86_64-debian-clang 0.26.0 2.66 26.84 29.50 OK
r-devel-linux-x86_64-debian-gcc 0.26.0 2.26 21.29 23.55 OK
r-devel-linux-x86_64-fedora-clang 0.26.0 46.35 OK
r-devel-linux-x86_64-fedora-gcc 0.26.0 35.29 OK
r-devel-windows-ix86+x86_64 0.26.0 5.00 41.00 46.00 OK
r-devel-windows-x86_64-gcc10-UCRT 0.26.0 OK
r-patched-linux-x86_64 0.26.0 3.03 26.67 29.70 OK
r-patched-solaris-x86 0.26.0 58.00 NOTE
r-release-linux-x86_64 0.26.0 2.66 26.13 28.79 OK
r-release-macos-x86_64 0.26.0 OK
r-release-windows-ix86+x86_64 0.26.0 6.00 34.00 40.00 OK
r-oldrel-macos-x86_64 0.26.0 OK
r-oldrel-windows-ix86+x86_64 0.26.0 5.00 42.00 47.00 OK

Check Details

Version: 0.26.0
Check: installed package size
Result: NOTE
     installed size is 5.0Mb
     sub-directories of 1Mb or more:
     java 4.9Mb
Flavor: r-patched-solaris-x86