Last updated on 2022-05-19 05:52:02 CEST.
Flavor | Version | Tinstall | Tcheck | Ttotal | Status | Flags |
---|---|---|---|---|---|---|
r-devel-linux-x86_64-debian-clang | 1.1 | 2.52 | 37.91 | 40.43 | NOTE | |
r-devel-linux-x86_64-debian-gcc | 1.1 | 1.53 | 29.56 | 31.09 | NOTE | |
r-devel-linux-x86_64-fedora-clang | 1.1 | 48.70 | NOTE | |||
r-devel-linux-x86_64-fedora-gcc | 1.1 | 47.43 | NOTE | |||
r-devel-windows-x86_64 | 1.1 | 17.00 | 66.00 | 83.00 | NOTE | |
r-patched-linux-x86_64 | 1.1 | 2.68 | 37.60 | 40.28 | NOTE | |
r-release-linux-x86_64 | 1.1 | 2.29 | 37.58 | 39.87 | NOTE | |
r-release-macos-arm64 | 1.1 | 18.00 | NOTE | |||
r-release-macos-x86_64 | 1.1 | 24.00 | NOTE | |||
r-release-windows-x86_64 | 1.1 | 6.00 | 54.00 | 60.00 | NOTE | |
r-oldrel-macos-arm64 | 1.1 | 22.00 | NOTE | |||
r-oldrel-macos-x86_64 | 1.1 | 27.00 | NOTE | |||
r-oldrel-windows-ix86+x86_64 | 1.1 | 4.00 | 40.00 | 44.00 | NOTE |
Version: 1.1
Check: R code for possible problems
Result: NOTE
cmaOptimDP: no visible global function definition for 'flush.console'
Undefined global functions or variables:
flush.console
Consider adding
importFrom("utils", "flush.console")
to your NAMESPACE file.
Flavors: r-devel-linux-x86_64-debian-clang, r-devel-linux-x86_64-debian-gcc, r-devel-linux-x86_64-fedora-clang, r-devel-linux-x86_64-fedora-gcc, r-devel-windows-x86_64, r-patched-linux-x86_64, r-release-linux-x86_64, r-release-macos-arm64, r-release-macos-x86_64, r-release-windows-x86_64, r-oldrel-macos-arm64, r-oldrel-macos-x86_64, r-oldrel-windows-ix86+x86_64
Version: 1.1
Check: for non-standard things in the check directory
Result: NOTE
Found the following files/directories:
'outcmaesdisp.dat'
Flavors: r-devel-linux-x86_64-debian-clang, r-devel-linux-x86_64-debian-gcc, r-devel-linux-x86_64-fedora-clang, r-devel-linux-x86_64-fedora-gcc, r-patched-linux-x86_64, r-release-linux-x86_64