CRAN Package Check Results for Package rFIA

Last updated on 2021-06-20 05:48:37 CEST.

Flavor Version Tinstall Tcheck Ttotal Status Flags
r-devel-linux-x86_64-debian-clang 0.3.2 33.89 176.04 209.93 OK
r-devel-linux-x86_64-debian-gcc 0.3.2 28.18 128.20 156.38 OK
r-devel-linux-x86_64-fedora-clang 0.3.2 257.07 OK
r-devel-linux-x86_64-fedora-gcc 0.3.2 244.48 OK
r-devel-windows-x86_64 0.3.2 49.00 222.00 271.00 OK
r-devel-windows-x86_64-gcc10-UCRT 0.3.2 ERROR
r-patched-linux-x86_64 0.3.2 37.97 162.84 200.81 OK
r-patched-solaris-x86 0.3.2 314.70 OK
r-release-linux-x86_64 0.3.2 27.32 163.04 190.36 OK
r-release-macos-arm64 0.3.2 NOTE
r-release-macos-x86_64 0.3.2 OK
r-release-windows-ix86+x86_64 0.3.2 45.00 204.00 249.00 OK
r-oldrel-macos-x86_64 0.3.2 OK
r-oldrel-windows-ix86+x86_64 0.3.2 49.00 194.00 243.00 OK

Check Details

Version: 0.3.2
Check: package dependencies
Result: ERROR
    Package required but not available: 'sf'
    
    See section 'The DESCRIPTION file' in the 'Writing R Extensions'
    manual.
Flavor: r-devel-windows-x86_64-gcc10-UCRT

Version: 0.3.2
Check: package dependencies
Result: NOTE
    Package suggested but not available for checking: ‘R2jags’
Flavor: r-release-macos-arm64