CRAN Package Check Results for Package rHealthDataGov

Last updated on 2021-07-23 05:52:04 CEST.

Flavor Version Tinstall Tcheck Ttotal Status Flags
r-devel-linux-x86_64-debian-clang 1.0.1 2.73 28.04 30.77 NOTE
r-devel-linux-x86_64-debian-gcc 1.0.1 2.66 22.40 25.06 NOTE
r-devel-linux-x86_64-fedora-clang 1.0.1 47.46 NOTE
r-devel-linux-x86_64-fedora-gcc 1.0.1 36.14 NOTE
r-devel-windows-x86_64 1.0.1 4.00 36.00 40.00 NOTE
r-devel-windows-x86_64-gcc10-UCRT 1.0.1 NOTE
r-patched-linux-x86_64 1.0.1 3.13 27.04 30.17 NOTE
r-patched-solaris-x86 1.0.1 57.00 NOTE
r-release-linux-x86_64 1.0.1 3.14 27.25 30.39 NOTE
r-release-macos-arm64 1.0.1 NOTE
r-release-macos-x86_64 1.0.1 NOTE
r-release-windows-ix86+x86_64 1.0.1 7.00 37.00 44.00 NOTE
r-oldrel-macos-x86_64 1.0.1 NOTE
r-oldrel-windows-ix86+x86_64 1.0.1 7.00 42.00 49.00 NOTE

Check Details

Version: 1.0.1
Check: R code for possible problems
Result: NOTE
    .quick_fetch: no visible global function definition for 'POST'
    .quick_fetch: no visible global function definition for 'add_headers'
    .quick_fetch: no visible global function definition for
     'stop_for_status'
    .quick_fetch: no visible global function definition for 'content'
    fetch_healthdata: no visible binding for global variable 'resources'
    fetch_healthdata : <anonymous>: no visible binding for global variable
     'filters'
    Undefined global functions or variables:
     POST add_headers content filters resources stop_for_status
Flavors: r-devel-linux-x86_64-debian-clang, r-devel-linux-x86_64-debian-gcc, r-devel-linux-x86_64-fedora-clang, r-devel-linux-x86_64-fedora-gcc, r-devel-windows-x86_64, r-devel-windows-x86_64-gcc10-UCRT, r-patched-linux-x86_64, r-patched-solaris-x86, r-release-linux-x86_64, r-release-macos-arm64, r-release-macos-x86_64, r-release-windows-ix86+x86_64, r-oldrel-macos-x86_64, r-oldrel-windows-ix86+x86_64