CRAN Package Check Results for Package rWCVP

Last updated on 2024-06-16 06:58:57 CEST.

Flavor Version Tinstall Tcheck Ttotal Status Flags
r-devel-linux-x86_64-debian-clang 1.2.4 26.90 167.70 194.60 NOTE
r-devel-linux-x86_64-debian-gcc 1.2.4 20.86 125.47 146.33 NOTE
r-devel-linux-x86_64-fedora-clang 1.2.4 242.88 NOTE
r-devel-linux-x86_64-fedora-gcc 1.2.4 240.49 NOTE
r-devel-windows-x86_64 1.2.4 21.00 133.00 154.00 NOTE
r-patched-linux-x86_64 1.2.4 29.92 162.21 192.13 NOTE
r-release-linux-x86_64 1.2.4 15.61 157.66 173.27 NOTE
r-release-macos-arm64 1.2.4 76.00 NOTE
r-release-macos-x86_64 1.2.4 175.00 NOTE
r-release-windows-x86_64 1.2.4 23.00 140.00 163.00 NOTE
r-oldrel-macos-arm64 1.2.4 76.00 NOTE
r-oldrel-macos-x86_64 1.2.4 127.00 NOTE
r-oldrel-windows-x86_64 1.2.4 28.00 166.00 194.00 NOTE

Check Details

Version: 1.2.4
Check: package dependencies
Result: NOTE Package suggested but not available for checking: ‘rWCVPdata’ Flavors: r-devel-linux-x86_64-debian-clang, r-devel-linux-x86_64-debian-gcc, r-devel-linux-x86_64-fedora-clang, r-devel-linux-x86_64-fedora-gcc, r-devel-windows-x86_64, r-patched-linux-x86_64, r-release-linux-x86_64, r-release-macos-arm64, r-release-macos-x86_64, r-release-windows-x86_64, r-oldrel-macos-arm64, r-oldrel-macos-x86_64, r-oldrel-windows-x86_64

Version: 1.2.4
Check: Rd cross-references
Result: NOTE Undeclared package ‘scales’ in Rd xrefs Flavor: r-devel-linux-x86_64-fedora-clang

Version: 1.2.4
Check: data for non-ASCII characters
Result: NOTE Note: found 16 marked UTF-8 strings Flavors: r-devel-linux-x86_64-fedora-clang, r-devel-linux-x86_64-fedora-gcc

Version: 1.2.4
Check: installed package size
Result: NOTE installed size is 5.9Mb sub-directories of 1Mb or more: data 3.2Mb extdata 2.4Mb Flavors: r-release-macos-arm64, r-release-macos-x86_64, r-oldrel-macos-arm64, r-oldrel-macos-x86_64