CRAN Package Check Results for Package raceland

Last updated on 2021-01-18 05:47:36 CET.

Flavor Version Tinstall Tcheck Ttotal Status Flags
r-devel-linux-x86_64-debian-clang 1.1.1 80.76 268.03 348.79 OK
r-devel-linux-x86_64-debian-gcc 1.1.1 50.25 233.39 283.64 OK
r-devel-linux-x86_64-fedora-clang 1.1.1 448.62 NOTE
r-devel-linux-x86_64-fedora-gcc 1.1.1 419.99 NOTE
r-devel-windows-ix86+x86_64 1.1.1 144.00 331.00 475.00 OK
r-patched-linux-x86_64 1.1.1 62.40 263.10 325.50 OK
r-patched-solaris-x86 1.1.1 547.20 NOTE
r-release-linux-x86_64 1.1.1 65.85 266.18 332.03 OK
r-release-macos-x86_64 1.1.1 NOTE
r-release-windows-ix86+x86_64 1.1.1 157.00 313.00 470.00 OK
r-oldrel-macos-x86_64 1.1.1 NOTE
r-oldrel-windows-ix86+x86_64 1.1.1 171.00 378.00 549.00 OK

Check Details

Version: 1.1.1
Check: dependencies in R code
Result: NOTE
    Namespaces in Imports field not imported from:
     ‘comat’ ‘rgdal’
     All declared Imports should be used.
Flavors: r-devel-linux-x86_64-fedora-clang, r-devel-linux-x86_64-fedora-gcc, r-patched-solaris-x86, r-release-macos-x86_64, r-oldrel-macos-x86_64