CRAN Package Check Results for Package radiant.basics

Last updated on 2024-06-13 06:58:14 CEST.

Flavor Version Tinstall Tcheck Ttotal Status Flags
r-devel-linux-x86_64-debian-clang 1.6.6 17.89 137.05 154.94 OK
r-devel-linux-x86_64-debian-gcc 1.6.6 0.74 1.70 2.44 ERROR
r-devel-linux-x86_64-fedora-clang 1.6.6 192.45 OK
r-devel-linux-x86_64-fedora-gcc 1.6.6 177.46 OK
r-devel-windows-x86_64 1.6.6 17.00 122.00 139.00 OK
r-patched-linux-x86_64 1.6.6 20.70 130.64 151.34 OK
r-release-linux-x86_64 1.6.6 18.48 132.15 150.63 OK
r-release-macos-arm64 1.6.6 51.00 OK
r-release-macos-x86_64 1.6.6 75.00 OK
r-release-windows-x86_64 1.6.6 17.00 127.00 144.00 OK
r-oldrel-macos-arm64 1.6.6 51.00 OK
r-oldrel-macos-x86_64 1.6.6 128.00 OK
r-oldrel-windows-x86_64 1.6.6 22.00 152.00 174.00 OK

Check Details

Version: 1.6.6
Check: package dependencies
Result: ERROR Packages required but not available: 'radiant.data', 'ggplot2', 'dplyr', 'tidyr', 'lubridate', 'patchwork' Packages suggested but not available for checking: 'testthat', 'pkgdown' See section ‘The DESCRIPTION file’ in the ‘Writing R Extensions’ manual. Flavor: r-devel-linux-x86_64-debian-gcc