CRAN Package Check Results for Package radiant.model

Last updated on 2022-11-28 04:54:49 CET.

Flavor Version Tinstall Tcheck Ttotal Status Flags
r-devel-linux-x86_64-debian-clang 1.4.8 30.95 252.52 283.47 OK
r-devel-linux-x86_64-debian-gcc 1.4.8 23.68 206.29 229.97 OK
r-devel-linux-x86_64-fedora-clang 1.4.8 346.64 NOTE
r-devel-linux-x86_64-fedora-gcc 1.4.8 338.93 OK
r-devel-windows-x86_64 1.4.8 51.00 305.00 356.00 OK
r-patched-linux-x86_64 1.4.8 30.63 239.60 270.23 OK
r-release-linux-x86_64 1.4.8 29.28 238.12 267.40 OK
r-release-macos-arm64 1.4.8 64.00 OK
r-release-macos-x86_64 1.4.8 111.00 OK
r-release-windows-x86_64 1.4.8 69.00 288.00 357.00 OK
r-oldrel-macos-arm64 1.4.8 62.00 OK
r-oldrel-macos-x86_64 1.4.8 112.00 OK
r-oldrel-windows-ix86+x86_64 1.4.8 59.00 274.00 333.00 OK

Check Details

Version: 1.4.8
Check: package dependencies
Result: NOTE
    Imports includes 27 non-default packages.
    Importing from so many packages makes the package vulnerable to any of
    them becoming unavailable. Move as many as possible to Suggests and
    use conditionally.
Flavor: r-devel-linux-x86_64-fedora-clang