Last updated on 2023-10-01 06:53:16 CEST.
Flavor | Version | Tinstall | Tcheck | Ttotal | Status | Flags |
---|---|---|---|---|---|---|
r-devel-linux-x86_64-debian-clang | 1.6.0 | 33.94 | 245.23 | 279.17 | OK | |
r-devel-linux-x86_64-debian-gcc | 1.6.0 | 26.48 | 180.37 | 206.85 | OK | |
r-devel-linux-x86_64-fedora-clang | 1.6.0 | 347.57 | NOTE | |||
r-devel-linux-x86_64-fedora-gcc | 1.6.0 | 352.74 | OK | |||
r-devel-windows-x86_64 | 1.6.0 | 29.00 | 207.00 | 236.00 | OK | |
r-patched-linux-x86_64 | 1.6.0 | 37.82 | 234.11 | 271.93 | OK | |
r-release-linux-x86_64 | 1.6.0 | 30.00 | 232.01 | 262.01 | OK | |
r-release-macos-arm64 | 1.6.0 | 100.00 | OK | |||
r-release-macos-x86_64 | 1.6.0 | 171.00 | OK | |||
r-release-windows-x86_64 | 1.6.0 | 37.00 | 265.00 | 302.00 | OK | |
r-oldrel-macos-arm64 | 1.6.0 | 110.00 | OK | |||
r-oldrel-macos-x86_64 | 1.6.0 | 123.00 | OK | |||
r-oldrel-windows-x86_64 | 1.6.0 | 38.00 | 252.00 | 290.00 | OK |
Version: 1.6.0
Check: package dependencies
Result: NOTE
Imports includes 30 non-default packages.
Importing from so many packages makes the package vulnerable to any of
them becoming unavailable. Move as many as possible to Suggests and
use conditionally.
Flavor: r-devel-linux-x86_64-fedora-clang