CRAN Package Check Results for Package rafalib

Last updated on 2021-12-08 05:58:48 CET.

Flavor Version Tinstall Tcheck Ttotal Status Flags
r-devel-linux-x86_64-debian-clang 1.0.0 2.42 30.45 32.87 NOTE
r-devel-linux-x86_64-debian-gcc 1.0.0 1.67 24.21 25.88 NOTE
r-devel-linux-x86_64-fedora-clang 1.0.0 41.98 NOTE
r-devel-linux-x86_64-fedora-gcc 1.0.0 31.16 NOTE
r-devel-windows-x86_64-new-UL 1.0.0 8.00 59.00 67.00 NOTE
r-devel-windows-x86_64-new-TK 1.0.0 NOTE
r-devel-windows-x86_64-old 1.0.0 4.00 30.00 34.00 NOTE
r-patched-linux-x86_64 1.0.0 3.95 29.88 33.83 NOTE
r-release-linux-x86_64 1.0.0 1.98 29.58 31.56 NOTE
r-release-macos-arm64 1.0.0 NOTE
r-release-macos-x86_64 1.0.0 NOTE
r-release-windows-ix86+x86_64 1.0.0 5.00 30.00 35.00 NOTE
r-oldrel-macos-x86_64 1.0.0 OK
r-oldrel-windows-ix86+x86_64 1.0.0 4.00 28.00 32.00 OK

Check Details

Version: 1.0.0
Check: LazyData
Result: NOTE
     'LazyData' is specified without a 'data' directory
Flavors: r-devel-linux-x86_64-debian-clang, r-devel-linux-x86_64-debian-gcc, r-devel-linux-x86_64-fedora-clang, r-devel-linux-x86_64-fedora-gcc, r-devel-windows-x86_64-new-UL, r-devel-windows-x86_64-new-TK, r-devel-windows-x86_64-old, r-patched-linux-x86_64, r-release-linux-x86_64, r-release-macos-arm64, r-release-macos-x86_64, r-release-windows-ix86+x86_64