Last updated on 2021-01-22 05:50:38 CET.
Flavor | Version | Tinstall | Tcheck | Ttotal | Status | Flags |
---|---|---|---|---|---|---|
r-devel-linux-x86_64-debian-clang | 0.3.4 | 83.20 | 197.56 | 280.76 | OK | |
r-devel-linux-x86_64-debian-gcc | 0.3.4 | 62.82 | 144.36 | 207.18 | OK | |
r-devel-linux-x86_64-fedora-clang | 0.3.4 | 352.65 | NOTE | |||
r-devel-linux-x86_64-fedora-gcc | 0.3.4 | 339.46 | NOTE | |||
r-devel-windows-ix86+x86_64 | 0.3.4 | 183.00 | 258.00 | 441.00 | OK | |
r-patched-linux-x86_64 | 0.3.4 | 54.33 | 175.95 | 230.28 | OK | |
r-patched-solaris-x86 | 0.3.4 | 384.50 | NOTE | |||
r-release-linux-x86_64 | 0.3.4 | 55.07 | 178.75 | 233.82 | OK | |
r-release-macos-x86_64 | 0.3.4 | NOTE | ||||
r-release-windows-ix86+x86_64 | 0.3.4 | 182.00 | 346.00 | 528.00 | OK | |
r-oldrel-macos-x86_64 | 0.3.4 | NOTE | ||||
r-oldrel-windows-ix86+x86_64 | 0.3.4 | 116.00 | 225.00 | 341.00 | OK |
Version: 0.3.4
Check: installed package size
Result: NOTE
installed size is 9.4Mb
sub-directories of 1Mb or more:
libs 8.7Mb
Flavors: r-devel-linux-x86_64-fedora-clang, r-release-macos-x86_64, r-oldrel-macos-x86_64
Version: 0.3.4
Check: dependencies in R code
Result: NOTE
Namespaces in Imports field not imported from:
‘Biobase’ ‘CGHbase’
All declared Imports should be used.
Flavors: r-devel-linux-x86_64-fedora-clang, r-devel-linux-x86_64-fedora-gcc, r-patched-solaris-x86, r-release-macos-x86_64, r-oldrel-macos-x86_64
Version: 0.3.4
Check: Rd cross-references
Result: NOTE
Undeclared packages ‘longitudinal’, ‘gRbase’ in Rd xrefs
Flavor: r-devel-linux-x86_64-fedora-clang