CRAN Package Check Results for Package ragtop

Last updated on 2021-12-01 05:59:35 CET.

Flavor Version Tinstall Tcheck Ttotal Status Flags
r-devel-linux-x86_64-debian-clang 1.1.1 8.14 574.24 582.38 OK
r-devel-linux-x86_64-debian-gcc 1.1.1 4.94 436.93 441.87 OK
r-devel-linux-x86_64-fedora-clang 1.1.1 667.63 OK
r-devel-linux-x86_64-fedora-gcc 1.1.1 664.28 OK
r-devel-windows-x86_64-new-UL 1.1.1 21.00 620.00 641.00 OK
r-devel-windows-x86_64-new-TK 1.1.1 OK
r-devel-windows-x86_64-old 1.1.1 14.00 500.00 514.00 OK
r-patched-linux-x86_64 1.1.1 7.12 539.08 546.20 OK
r-patched-solaris-x86 1.1.1 222.20 OK
r-release-linux-x86_64 1.1.1 7.20 545.46 552.66 OK
r-release-macos-arm64 1.1.1 WARN
r-release-macos-x86_64 1.1.1 OK
r-release-windows-ix86+x86_64 1.1.1 15.00 489.00 504.00 OK
r-oldrel-macos-x86_64 1.1.1 OK
r-oldrel-windows-ix86+x86_64 1.1.1 10.00 470.00 480.00 OK

Check Details

Version: 1.1.1
Check: re-building of vignette outputs
Result: WARN
    Error(s) in re-building vignettes:
     ...
    --- re-building ‘ragtop_convertibles_in_r.Rmd’ using rmarkdown
    Warning: Removed 39 row(s) containing missing values (geom_path).
    Quitting from lines 425-461 (ragtop_convertibles_in_r.Rmd)
    Error: processing vignette 'ragtop_convertibles_in_r.Rmd' failed with diagnostics:
    argument is of length zero
    --- failed re-building ‘ragtop_convertibles_in_r.Rmd’
    
    SUMMARY: processing the following file failed:
     ‘ragtop_convertibles_in_r.Rmd’
    
    Error: Vignette re-building failed.
    Execution halted
Flavor: r-release-macos-arm64