CRAN Package Check Results for Package ralger

Last updated on 2024-06-21 06:58:21 CEST.

Flavor Version Tinstall Tcheck Ttotal Status Flags
r-devel-linux-x86_64-debian-clang 2.2.4 5.73 66.44 72.17 NOTE
r-devel-linux-x86_64-debian-gcc 2.2.4 4.72 49.57 54.29 NOTE
r-devel-linux-x86_64-fedora-clang 2.2.4 89.31 NOTE
r-devel-linux-x86_64-fedora-gcc 2.2.4 97.91 NOTE
r-devel-windows-x86_64 2.2.4 8.00 76.00 84.00 NOTE
r-patched-linux-x86_64 2.2.4 5.06 62.16 67.22 NOTE
r-release-linux-x86_64 2.2.4 3.28 61.52 64.80 NOTE
r-release-macos-arm64 2.2.4 72.00 NOTE
r-release-macos-x86_64 2.2.4 83.00 NOTE
r-release-windows-x86_64 2.2.4 7.00 80.00 87.00 NOTE
r-oldrel-macos-arm64 2.2.4 49.00 NOTE
r-oldrel-macos-x86_64 2.2.4 66.00 NOTE
r-oldrel-windows-x86_64 2.2.4 9.00 85.00 94.00 NOTE

Check Details

Version: 2.2.4
Check: LazyData
Result: NOTE 'LazyData' is specified without a 'data' directory Flavors: r-devel-linux-x86_64-debian-clang, r-devel-linux-x86_64-debian-gcc, r-devel-linux-x86_64-fedora-clang, r-devel-linux-x86_64-fedora-gcc, r-devel-windows-x86_64, r-patched-linux-x86_64, r-release-linux-x86_64, r-release-macos-arm64, r-release-macos-x86_64, r-release-windows-x86_64, r-oldrel-macos-arm64, r-oldrel-macos-x86_64, r-oldrel-windows-x86_64