CRAN Package Check Results for Package randomizationInference

Last updated on 2019-10-17 05:47:14 CEST.

Flavor Version Tinstall Tcheck Ttotal Status Flags
r-devel-linux-x86_64-debian-clang 1.0.3 2.20 23.21 25.41 NOTE
r-devel-linux-x86_64-debian-gcc 1.0.3 1.77 18.85 20.62 NOTE
r-devel-linux-x86_64-fedora-clang 1.0.3 32.91 NOTE
r-devel-linux-x86_64-fedora-gcc 1.0.3 32.55 NOTE
r-devel-windows-ix86+x86_64 1.0.3 9.00 36.00 45.00 NOTE
r-patched-linux-x86_64 1.0.3 1.66 23.43 25.09 NOTE
r-patched-solaris-x86 1.0.3 46.00 NOTE
r-release-linux-x86_64 1.0.3 2.02 23.47 25.49 NOTE
r-release-windows-ix86+x86_64 1.0.3 5.00 53.00 58.00 NOTE
r-release-osx-x86_64 1.0.3 NOTE
r-oldrel-windows-ix86+x86_64 1.0.3 4.00 36.00 40.00 NOTE
r-oldrel-osx-x86_64 1.0.3 NOTE

Check Details

Version: 1.0.3
Check: R code for possible problems
Result: NOTE
    anovaF: no visible global function definition for 'anova'
    anovaF: no visible global function definition for 'lm'
    randInterval: no visible global function definition for 'quantile'
    randInterval : <anonymous>: no visible global function definition for
     'quantile'
    randPlot: no visible global function definition for 'par'
    randPlot: no visible global function definition for 'hist'
    randPlot: no visible global function definition for 'abline'
    Undefined global functions or variables:
     abline anova hist lm par quantile
    Consider adding
     importFrom("graphics", "abline", "hist", "par")
     importFrom("stats", "anova", "lm", "quantile")
    to your NAMESPACE file.
Flavors: r-devel-linux-x86_64-debian-clang, r-devel-linux-x86_64-debian-gcc, r-devel-linux-x86_64-fedora-clang, r-devel-linux-x86_64-fedora-gcc, r-devel-windows-ix86+x86_64, r-patched-linux-x86_64, r-patched-solaris-x86, r-release-linux-x86_64, r-release-windows-ix86+x86_64, r-release-osx-x86_64, r-oldrel-windows-ix86+x86_64, r-oldrel-osx-x86_64