CRAN Package Check Results for Package rankFD

Last updated on 2019-06-26 06:47:39 CEST.

Flavor Version Tinstall Tcheck Ttotal Status Flags
r-devel-linux-x86_64-debian-clang 0.0.3 8.42 64.62 73.04 OK
r-devel-linux-x86_64-debian-gcc 0.0.3 6.25 51.74 57.99 OK
r-devel-linux-x86_64-fedora-clang 0.0.3 87.69 OK
r-devel-linux-x86_64-fedora-gcc 0.0.3 84.69 OK
r-devel-windows-ix86+x86_64 0.0.3 24.00 78.00 102.00 OK
r-patched-linux-x86_64 0.0.3 8.26 63.58 71.84 OK
r-patched-solaris-x86 0.0.3 146.60 OK
r-release-linux-x86_64 0.0.3 7.95 64.74 72.69 OK
r-release-windows-ix86+x86_64 0.0.3 16.00 132.00 148.00 OK
r-release-osx-x86_64 0.0.3 NOTE
r-oldrel-windows-ix86+x86_64 0.0.3 11.00 70.00 81.00 OK
r-oldrel-osx-x86_64 0.0.3 NOTE

Check Details

Version: 0.0.3
Check: package dependencies
Result: NOTE
    Package suggested but not available for checking: ‘RGtk2’
Flavors: r-release-osx-x86_64, r-oldrel-osx-x86_64