CRAN Package Check Results for Package rankFD

Last updated on 2019-09-20 05:47:03 CEST.

Flavor Version Tinstall Tcheck Ttotal Status Flags
r-devel-linux-x86_64-debian-clang 0.0.3 8.91 64.31 73.22 OK
r-devel-linux-x86_64-debian-gcc 0.0.3 7.46 51.33 58.79 OK
r-devel-linux-x86_64-fedora-clang 0.0.3 90.48 OK
r-devel-linux-x86_64-fedora-gcc 0.0.3 94.97 OK
r-devel-windows-ix86+x86_64 0.0.3 25.00 88.00 113.00 OK
r-patched-linux-x86_64 0.0.3 8.13 62.98 71.11 OK
r-patched-solaris-x86 0.0.3 132.50 OK
r-release-linux-x86_64 0.0.3 8.12 64.11 72.23 OK
r-release-windows-ix86+x86_64 0.0.3 17.00 107.00 124.00 OK
r-release-osx-x86_64 0.0.3 NOTE
r-oldrel-windows-ix86+x86_64 0.0.3 11.00 96.00 107.00 OK
r-oldrel-osx-x86_64 0.0.3 NOTE

Check Details

Version: 0.0.3
Check: package dependencies
Result: NOTE
    Package suggested but not available for checking: ‘RGtk2’
Flavors: r-release-osx-x86_64, r-oldrel-osx-x86_64