CRAN Package Check Results for Package rasterdiv

Last updated on 2021-11-28 05:49:43 CET.

Flavor Version Tinstall Tcheck Ttotal Status Flags
r-devel-linux-x86_64-debian-clang 0.2-3 OK
r-devel-linux-x86_64-debian-gcc 0.2-3 25.94 443.17 469.11 OK
r-devel-linux-x86_64-fedora-clang 0.2-3 793.22 OK
r-devel-linux-x86_64-fedora-gcc 0.2-3 800.46 OK
r-devel-windows-x86_64-new-UL 0.2-3 47.00 708.00 755.00 OK
r-devel-windows-x86_64-new-TK 0.2-3 OK
r-devel-windows-x86_64-old 0.2-3 28.00 690.00 718.00 OK
r-patched-linux-x86_64 0.2-3 30.07 614.56 644.63 OK
r-patched-solaris-x86 0.2-3 390.80 OK
r-release-linux-x86_64 0.2-3 26.14 610.91 637.05 OK
r-release-macos-arm64 0.2-3 NOTE
r-release-macos-x86_64 0.2-3 OK
r-release-windows-ix86+x86_64 0.2-3 63.00 755.00 818.00 OK
r-oldrel-macos-x86_64 0.2-3 OK
r-oldrel-windows-ix86+x86_64 0.2-3 66.00 777.00 843.00 OK

Check Details

Version: 0.2-3
Check: installed package size
Result: NOTE
     installed size is 5.1Mb
     sub-directories of 1Mb or more:
     data 4.1Mb
Flavor: r-release-macos-arm64