CRAN Package Check Results for Package rasterly

Last updated on 2021-06-21 05:49:49 CEST.

Flavor Version Tinstall Tcheck Ttotal Status Flags
r-devel-linux-x86_64-debian-clang 0.2.0 35.94 89.50 125.44 NOTE
r-devel-linux-x86_64-debian-gcc 0.2.0 25.32 65.17 90.49 NOTE
r-devel-linux-x86_64-fedora-clang 0.2.0 165.78 NOTE
r-devel-linux-x86_64-fedora-gcc 0.2.0 145.31 NOTE
r-devel-windows-x86_64 0.2.0 47.00 104.00 151.00 NOTE
r-devel-windows-x86_64-gcc10-UCRT 0.2.0 ERROR
r-patched-linux-x86_64 0.2.0 30.19 81.66 111.85 NOTE
r-patched-solaris-x86 0.2.0 190.80 NOTE
r-release-linux-x86_64 0.2.0 28.30 82.06 110.36 NOTE
r-release-macos-arm64 0.2.0 NOTE
r-release-macos-x86_64 0.2.0 NOTE
r-release-windows-ix86+x86_64 0.2.0 84.00 166.00 250.00 NOTE
r-oldrel-macos-x86_64 0.2.0 OK

Check Details

Version: 0.2.0
Check: LazyData
Result: NOTE
     'LazyData' is specified without a 'data' directory
Flavors: r-devel-linux-x86_64-debian-clang, r-devel-linux-x86_64-debian-gcc, r-devel-linux-x86_64-fedora-clang, r-devel-linux-x86_64-fedora-gcc, r-devel-windows-x86_64, r-patched-linux-x86_64, r-patched-solaris-x86, r-release-linux-x86_64, r-release-macos-arm64, r-release-macos-x86_64, r-release-windows-ix86+x86_64

Version: 0.2.0
Check: Rd cross-references
Result: NOTE
    Undeclared package ‘crosstalk’ in Rd xrefs
Flavor: r-devel-linux-x86_64-fedora-clang

Version: 0.2.0
Check: package dependencies
Result: ERROR
    Package required but not available: 'plotly'
    
    Package suggested but not available for checking: 'covr'
    
    See section 'The DESCRIPTION file' in the 'Writing R Extensions'
    manual.
Flavor: r-devel-windows-x86_64-gcc10-UCRT