CRAN Package Check Results for Package raustats

Last updated on 2019-08-25 05:46:56 CEST.

Flavor Version Tinstall Tcheck Ttotal Status Flags
r-devel-linux-x86_64-debian-clang 0.1.0 6.21 111.05 117.26 OK
r-devel-linux-x86_64-debian-gcc 0.1.0 4.98 85.81 90.79 OK
r-devel-linux-x86_64-fedora-clang 0.1.0 136.67 NOTE
r-devel-linux-x86_64-fedora-gcc 0.1.0 137.16 NOTE
r-devel-windows-ix86+x86_64 0.1.0 14.00 309.00 323.00 OK
r-patched-linux-x86_64 0.1.0 5.71 111.76 117.47 OK
r-patched-solaris-x86 0.1.0 232.00 NOTE
r-release-linux-x86_64 0.1.0 5.95 102.50 108.45 WARN
r-release-windows-ix86+x86_64 0.1.0 20.00 325.00 345.00 OK
r-release-osx-x86_64 0.1.0 NOTE
r-oldrel-windows-ix86+x86_64 0.1.0 12.00 348.00 360.00 WARN
r-oldrel-osx-x86_64 0.1.0 NOTE

Check Details

Version: 0.1.0
Check: data for non-ASCII characters
Result: NOTE
     Note: found 12 marked UTF-8 strings
Flavors: r-devel-linux-x86_64-fedora-clang, r-devel-linux-x86_64-fedora-gcc, r-patched-solaris-x86, r-release-osx-x86_64, r-oldrel-osx-x86_64

Version: 0.1.0
Check: re-building of vignette outputs
Result: WARN
    Error(s) in re-building vignettes:
     ...
    --- re-building ‘raustats_introduction.Rmd’ using rmarkdown
    Loading required package: readxl
    Attaching package: 'raustats'
    Navigating to /AUSSTATS/abs@.nsf/DetailsPage/5206.0Mar%202019?OpenDocument
    Navigating to /AUSSTATS/abs@.nsf/DetailsPage/5206.0Mar%202019?OpenDocument
    Navigating to /AUSSTATS/abs@.nsf/DetailsPage/6401.0Jun%202019?OpenDocument
    Navigating to /AUSSTATS/abs@.nsf/DetailsPage/5206.0Dec%202017?OpenDocument
    Navigating to /AUSSTATS/abs@.nsf/DetailsPage/5206.0Sep%202017?OpenDocument
    Navigating to /AUSSTATS/abs@.nsf/DetailsPage/1270.0.55.001July%202016?OpenDocument
    Navigating to /AUSSTATS/abs@.nsf/DetailsPage/5206.0Mar%202019?OpenDocument
    Quitting from lines 663-665 (raustats_introduction.Rmd)
    Error: processing vignette 'raustats_introduction.Rmd' failed with diagnostics:
    HTTP error returned by url: http://stat.data.abs.gov.au/restsdmx/sdmx.ashx/GetDataStructure/CPI
    --- failed re-building ‘raustats_introduction.Rmd’
    
    SUMMARY: processing the following file failed:
     ‘raustats_introduction.Rmd’
    
    Error: Vignette re-building failed.
    Execution halted
Flavor: r-release-linux-x86_64

Version: 0.1.0
Check: re-building of vignette outputs
Result: WARN
    Error in re-building vignettes:
     ...
    Loading required package: readxl
    Attaching package: 'raustats'
    Navigating to /AUSSTATS/abs@.nsf/DetailsPage/5206.0Mar%202019?OpenDocument
    Navigating to /AUSSTATS/abs@.nsf/DetailsPage/5206.0Mar%202019?OpenDocument
    Navigating to /AUSSTATS/abs@.nsf/DetailsPage/6401.0Jun%202019?OpenDocument
    Navigating to /AUSSTATS/abs@.nsf/DetailsPage/5206.0Dec%202017?OpenDocument
    Navigating to /AUSSTATS/abs@.nsf/DetailsPage/5206.0Sep%202017?OpenDocument
    Navigating to /AUSSTATS/abs@.nsf/DetailsPage/1270.0.55.001July%202016?OpenDocument
    Navigating to /AUSSTATS/abs@.nsf/DetailsPage/5206.0Mar%202019?OpenDocument
    Quitting from lines 576-578 (raustats_introduction.Rmd)
    Error: processing vignette 'raustats_introduction.Rmd' failed with diagnostics:
    HTTP error returned by url: http://stat.data.abs.gov.au/restsdmx/sdmx.ashx/GetDataStructure/all
    Execution halted
Flavor: r-oldrel-windows-ix86+x86_64