CRAN Package Check Results for Package ravelRy

Last updated on 2024-06-22 06:50:58 CEST.

Flavor Version Tinstall Tcheck Ttotal Status Flags
r-devel-linux-x86_64-debian-clang 0.1.0 3.10 40.44 43.54 NOTE
r-devel-linux-x86_64-debian-gcc 0.1.0 3.89 30.49 34.38 NOTE
r-devel-linux-x86_64-fedora-clang 0.1.0 56.05 NOTE
r-devel-linux-x86_64-fedora-gcc 0.1.0 53.82 NOTE
r-devel-windows-x86_64 0.1.0 7.00 51.00 58.00 NOTE
r-patched-linux-x86_64 0.1.0 4.54 38.63 43.17 NOTE
r-release-linux-x86_64 0.1.0 3.85 37.79 41.64 NOTE
r-release-macos-arm64 0.1.0 25.00 NOTE
r-release-macos-x86_64 0.1.0 54.00 NOTE
r-release-windows-x86_64 0.1.0 6.00 51.00 57.00 NOTE
r-oldrel-macos-arm64 0.1.0 21.00 NOTE
r-oldrel-macos-x86_64 0.1.0 29.00 NOTE
r-oldrel-windows-x86_64 0.1.0 7.00 56.00 63.00 NOTE

Check Details

Version: 0.1.0
Check: LazyData
Result: NOTE 'LazyData' is specified without a 'data' directory Flavors: r-devel-linux-x86_64-debian-clang, r-devel-linux-x86_64-debian-gcc, r-devel-linux-x86_64-fedora-clang, r-devel-linux-x86_64-fedora-gcc, r-devel-windows-x86_64, r-patched-linux-x86_64, r-release-linux-x86_64, r-release-macos-arm64, r-release-macos-x86_64, r-release-windows-x86_64, r-oldrel-macos-arm64, r-oldrel-macos-x86_64, r-oldrel-windows-x86_64

Version: 0.1.0
Check: dependencies in R code
Result: NOTE Namespace in Imports field not imported from: ‘tidyr’ All declared Imports should be used. Flavors: r-devel-linux-x86_64-fedora-clang, r-devel-linux-x86_64-fedora-gcc