Last updated on 2023-02-04 05:53:07 CET.
Flavor | Version | Tinstall | Tcheck | Ttotal | Status | Flags |
---|---|---|---|---|---|---|
r-devel-linux-x86_64-debian-clang | 0.1.8 | 3.20 | 26.85 | 30.05 | OK | |
r-devel-linux-x86_64-debian-gcc | 0.1.8 | 2.37 | 21.43 | 23.80 | OK | |
r-devel-linux-x86_64-fedora-clang | 0.1.8 | 40.25 | OK | |||
r-devel-linux-x86_64-fedora-gcc | 0.1.8 | 48.55 | OK | |||
r-devel-windows-x86_64 | 0.1.8 | 18.00 | 56.00 | 74.00 | WARN | |
r-patched-linux-x86_64 | 0.1.8 | 3.67 | 26.30 | 29.97 | OK | |
r-release-linux-x86_64 | 0.1.8 | 3.18 | 27.68 | 30.86 | OK | |
r-release-macos-arm64 | 0.1.8 | 17.00 | OK | |||
r-release-macos-x86_64 | 0.1.8 | 24.00 | OK | |||
r-release-windows-x86_64 | 0.1.8 | 21.00 | 64.00 | 85.00 | OK | |
r-oldrel-macos-arm64 | 0.1.8 | 19.00 | OK | |||
r-oldrel-macos-x86_64 | 0.1.8 | 28.00 | OK | |||
r-oldrel-windows-ix86+x86_64 | 0.1.8 | 7.00 | 54.00 | 61.00 | OK |
Version: 0.1.8
Check: Rd files
Result: WARN
During startup - Warning message:
package "methods" in options("defaultPackages") was not found
Flavor: r-devel-windows-x86_64