CRAN Package Check Results for Package rbace

Last updated on 2021-06-21 05:49:49 CEST.

Flavor Version Tinstall Tcheck Ttotal Status Flags
r-devel-linux-x86_64-debian-clang 0.2.2 2.37 23.24 25.61 OK
r-devel-linux-x86_64-debian-gcc 0.2.2 1.84 18.34 20.18 OK
r-devel-linux-x86_64-fedora-clang 0.2.2 40.49 OK
r-devel-linux-x86_64-fedora-gcc 0.2.2 29.80 OK
r-devel-windows-x86_64 0.2.2 4.00 33.00 37.00 OK
r-devel-windows-x86_64-gcc10-UCRT 0.2.2 ERROR
r-patched-linux-x86_64 0.2.2 2.37 22.80 25.17 OK
r-patched-solaris-x86 0.2.2 46.60 OK
r-release-linux-x86_64 0.2.2 1.91 22.50 24.41 OK
r-release-macos-arm64 0.2.2 OK
r-release-macos-x86_64 0.2.2 OK
r-release-windows-ix86+x86_64 0.2.2 6.00 39.00 45.00 OK
r-oldrel-macos-x86_64 0.2.2 OK

Check Details

Version: 0.2.2
Check: package dependencies
Result: ERROR
    Package required but not available: 'crul'
    
    Packages suggested but not available for checking: 'vcr', 'webmockr'
    
    See section 'The DESCRIPTION file' in the 'Writing R Extensions'
    manual.
Flavor: r-devel-windows-x86_64-gcc10-UCRT