CRAN Package Check Results for Package rbbnp

Last updated on 2024-06-13 06:58:14 CEST.

Flavor Version Tinstall Tcheck Ttotal Status Flags
r-devel-linux-x86_64-debian-clang 0.1.0 7.37 54.89 62.26 OK
r-devel-linux-x86_64-debian-gcc 0.1.0 0.40 1.71 2.11 ERROR
r-devel-linux-x86_64-fedora-clang 0.1.0 78.74 OK
r-devel-linux-x86_64-fedora-gcc 0.1.0 73.92 OK
r-devel-windows-x86_64 0.1.0 7.00 64.00 71.00 OK
r-patched-linux-x86_64 0.1.0 6.63 54.05 60.68 OK
r-release-linux-x86_64 0.1.0 4.20 53.58 57.78 OK
r-release-macos-arm64 0.1.0 27.00 OK
r-release-macos-x86_64 0.1.0 53.00 OK
r-release-windows-x86_64 0.1.0 8.00 65.00 73.00 OK
r-oldrel-macos-arm64 0.1.0 35.00 OK
r-oldrel-macos-x86_64 0.1.0 52.00 OK
r-oldrel-windows-x86_64 0.1.0 9.00 73.00 82.00 OK

Check Details

Version: 0.1.0
Check: package dependencies
Result: ERROR Packages required but not available: 'purrr', 'tidyr', 'dplyr', 'ggplot2' See section ‘The DESCRIPTION file’ in the ‘Writing R Extensions’ manual. Flavor: r-devel-linux-x86_64-debian-gcc