CRAN Package Check Results for Package rbefdata

Last updated on 2021-12-06 05:53:20 CET.

Flavor Version Tinstall Tcheck Ttotal Status Flags
r-devel-linux-x86_64-debian-clang 0.3.5 5.02 51.72 56.74 NOTE
r-devel-linux-x86_64-debian-gcc 0.3.5 4.66 40.65 45.31 NOTE
r-devel-linux-x86_64-fedora-clang 0.3.5 70.28 NOTE
r-devel-linux-x86_64-fedora-gcc 0.3.5 58.26 NOTE
r-devel-windows-x86_64-new-UL 0.3.5 12.00 83.00 95.00 NOTE
r-devel-windows-x86_64-new-TK 0.3.5 NOTE
r-devel-windows-x86_64-old 0.3.5 8.00 49.00 57.00 NOTE
r-patched-linux-x86_64 0.3.5 5.58 41.74 47.32 NOTE
r-release-linux-x86_64 0.3.5 4.82 49.47 54.29 NOTE
r-release-macos-arm64 0.3.5 NOTE
r-release-macos-x86_64 0.3.5 NOTE
r-release-windows-ix86+x86_64 0.3.5 11.00 66.00 77.00 NOTE
r-oldrel-macos-x86_64 0.3.5 NOTE
r-oldrel-windows-ix86+x86_64 0.3.5 11.00 61.00 72.00 NOTE

Check Details

Version: 0.3.5
Check: R code for possible problems
Result: NOTE
    bef.get.attachments: no visible global function definition for
     'read.csv'
    bef.get.attachments: no visible global function definition for
     'flush.console'
    bef.get.attachments_for: no visible global function definition for
     'read.csv'
    bef.get.attachments_for: no visible global function definition for
     'flush.console'
    bef.get.categories_for: no visible binding for global variable 'id'
    bef.get.categories_for: no visible global function definition for
     'read.csv'
    bef.get.dataset: no visible global function definition for 'read.csv'
    bef.get.dataset_by: no visible global function definition for
     'read.csv'
    bef.get.datasets.for_keyword : <anonymous>: no visible global function
     definition for 'read.csv'
    bef.get.datasets.for_proposal: no visible global function definition
     for 'read.csv'
    bef.goto.dataset_page: no visible global function definition for
     'browseURL'
    bef.goto.proposal_page: no visible global function definition for
     'browseURL'
    bef.portal.get.attachments: no visible global function definition for
     'read.csv'
    bef.portal.get.attachments: no visible global function definition for
     'flush.console'
    bef.portal.get.attachments_for: no visible global function definition
     for 'read.csv'
    bef.portal.get.attachments_for: no visible global function definition
     for 'flush.console'
    bef.portal.get.categories_for: no visible binding for global variable
     'id'
    bef.portal.get.categories_for: no visible global function definition
     for 'read.csv'
    bef.portal.get.dataset: no visible global function definition for
     'read.csv'
    bef.portal.get.dataset_by: no visible global function definition for
     'read.csv'
    bef.portal.get.datasets.for_keyword : <anonymous>: no visible global
     function definition for 'read.csv'
    bef.portal.get.datasets.for_proposal: no visible global function
     definition for 'read.csv'
    upload_file: no visible global function definition for 'write.csv'
    Undefined global functions or variables:
     browseURL flush.console id read.csv write.csv
    Consider adding
     importFrom("utils", "browseURL", "flush.console", "read.csv",
     "write.csv")
    to your NAMESPACE file.
Flavors: r-devel-linux-x86_64-debian-clang, r-devel-linux-x86_64-debian-gcc, r-devel-linux-x86_64-fedora-clang, r-devel-linux-x86_64-fedora-gcc, r-devel-windows-x86_64-new-UL, r-devel-windows-x86_64-new-TK, r-devel-windows-x86_64-old, r-patched-linux-x86_64, r-release-linux-x86_64, r-release-macos-arm64, r-release-macos-x86_64, r-release-windows-ix86+x86_64, r-oldrel-macos-x86_64, r-oldrel-windows-ix86+x86_64