CRAN Package Check Results for Package rcrossref

Last updated on 2021-12-03 05:52:10 CET.

Flavor Version Tinstall Tcheck Ttotal Status Flags
r-devel-linux-x86_64-debian-clang 1.1.0 10.76 241.55 252.31 OK
r-devel-linux-x86_64-debian-gcc 1.1.0 7.91 178.67 186.58 OK
r-devel-linux-x86_64-fedora-clang 1.1.0 305.00 NOTE
r-devel-linux-x86_64-fedora-gcc 1.1.0 291.62 OK
r-devel-windows-x86_64-new-UL 1.1.0 24.00 291.00 315.00 OK
r-devel-windows-x86_64-new-TK 1.1.0 OK
r-devel-windows-x86_64-old 1.1.0 15.00 214.00 229.00 OK
r-patched-linux-x86_64 1.1.0 10.32 227.85 238.17 OK
r-patched-solaris-x86 1.1.0 379.30 OK
r-release-linux-x86_64 1.1.0 10.46 233.51 243.97 OK
r-release-macos-arm64 1.1.0 OK
r-release-macos-x86_64 1.1.0 OK
r-release-windows-ix86+x86_64 1.1.0 20.00 278.00 298.00 OK
r-oldrel-macos-x86_64 1.1.0 OK
r-oldrel-windows-ix86+x86_64 1.1.0 21.00 279.00 300.00 OK

Check Details

Version: 1.1.0
Check: package dependencies
Result: NOTE
    Suggests orphaned package: ‘bibtex’
Flavor: r-devel-linux-x86_64-fedora-clang