CRAN Package Check Results for Package rdacca.hp

Last updated on 2024-02-25 06:08:38 CET.

Flavor Version Tinstall Tcheck Ttotal Status Flags
r-devel-linux-x86_64-debian-clang 1.1-0 11.13 104.46 115.59 NOTE
r-devel-linux-x86_64-debian-gcc 1.1-0 8.05 77.39 85.44 NOTE
r-devel-linux-x86_64-fedora-clang 1.1-0 136.57 OK
r-devel-linux-x86_64-fedora-gcc 1.1-0 140.25 OK
r-devel-windows-x86_64 1.1-0 10.00 88.00 98.00 OK
r-patched-linux-x86_64 1.1-0 9.73 99.04 108.77 OK
r-release-linux-x86_64 1.1-0 11.17 97.64 108.81 OK
r-release-macos-arm64 1.1-0 47.00 OK
r-release-macos-x86_64 1.1-0 86.00 OK
r-release-windows-x86_64 1.1-0 13.00 102.00 115.00 OK
r-oldrel-macos-arm64 1.1-0 48.00 OK
r-oldrel-windows-x86_64 1.1-0 13.00 110.00 123.00 OK

Check Details

Version: 1.1-0
Check: Rd files
Result: NOTE checkRd: (-1) plot.rdaccahp.Rd:38: Lost braces; missing escapes or markup? 38 | {Yao Liu} \email{liuyao@stu.xmu.edu.cn} | ^ checkRd: (-1) rdacca.hp.Rd:86: Lost braces; missing escapes or markup? 86 | {Pedro Peres-Neto} \email{pedro.peres-neto@concordia.ca} | ^ checkRd: (-1) rdacca.hp.Rd:88: Lost braces; missing escapes or markup? 88 | {Kim Nimon} \email{kim.nimon@gmail.com} | ^ Flavors: r-devel-linux-x86_64-debian-clang, r-devel-linux-x86_64-debian-gcc