CRAN Package Check Results for Package rdoxygen

Last updated on 2020-07-15 05:48:18 CEST.

Flavor Version Tinstall Tcheck Ttotal Status Flags
r-devel-linux-x86_64-debian-clang 1.0.0 2.83 21.77 24.60 OK
r-devel-linux-x86_64-debian-gcc 1.0.0 2.31 17.34 19.65 OK
r-devel-linux-x86_64-fedora-clang 1.0.0 38.14 OK
r-devel-linux-x86_64-fedora-gcc 1.0.0 30.22 OK
r-devel-windows-ix86+x86_64 1.0.0 15.00 49.00 64.00 OK
r-patched-linux-x86_64 1.0.0 2.58 21.72 24.30 OK
r-patched-solaris-x86 1.0.0 45.70 OK
r-release-linux-x86_64 1.0.0 2.49 21.90 24.39 OK
r-release-macos-x86_64 1.0.0 ERROR
r-release-windows-ix86+x86_64 1.0.0 20.00 47.00 67.00 OK
r-oldrel-macos-x86_64 1.0.0 OK
r-oldrel-windows-ix86+x86_64 1.0.0 10.00 54.00 64.00 OK

Check Details

Version: 1.0.0
Check: whether package can be installed
Result: ERROR
    Installation failed.
Flavor: r-release-macos-x86_64