CRAN Package Check Results for Package rdoxygen

Last updated on 2024-06-15 06:49:55 CEST.

Flavor Version Tinstall Tcheck Ttotal Status Flags
r-devel-linux-x86_64-debian-clang 1.0.0 2.95 25.10 28.05 NOTE
r-devel-linux-x86_64-debian-gcc 1.0.0 2.49 19.47 21.96 NOTE
r-devel-linux-x86_64-fedora-clang 1.0.0 35.72 NOTE
r-devel-linux-x86_64-fedora-gcc 1.0.0 33.48 NOTE
r-devel-windows-x86_64 1.0.0 6.00 44.00 50.00 NOTE
r-patched-linux-x86_64 1.0.0 2.07 24.68 26.75 NOTE
r-release-linux-x86_64 1.0.0 2.04 23.53 25.57 NOTE
r-release-macos-arm64 1.0.0 18.00 NOTE
r-release-macos-x86_64 1.0.0 25.00 NOTE
r-release-windows-x86_64 1.0.0 6.00 45.00 51.00 NOTE
r-oldrel-macos-arm64 1.0.0 19.00 NOTE
r-oldrel-macos-x86_64 1.0.0 23.00 NOTE
r-oldrel-windows-x86_64 1.0.0 7.00 45.00 52.00 NOTE

Check Details

Version: 1.0.0
Check: LazyData
Result: NOTE 'LazyData' is specified without a 'data' directory Flavors: r-devel-linux-x86_64-debian-clang, r-devel-linux-x86_64-debian-gcc, r-devel-linux-x86_64-fedora-clang, r-devel-linux-x86_64-fedora-gcc, r-devel-windows-x86_64, r-patched-linux-x86_64, r-release-linux-x86_64, r-release-macos-arm64, r-release-macos-x86_64, r-release-windows-x86_64, r-oldrel-macos-arm64, r-oldrel-macos-x86_64, r-oldrel-windows-x86_64