CRAN Package Check Results for Package readOffice

Last updated on 2021-04-10 05:48:46 CEST.

Flavor Version Tinstall Tcheck Ttotal Status Flags
r-devel-linux-x86_64-debian-clang 0.2.2 2.11 21.61 23.72 NOTE
r-devel-linux-x86_64-debian-gcc 0.2.2 1.63 17.14 18.77 NOTE
r-devel-linux-x86_64-fedora-clang 0.2.2 36.53 NOTE
r-devel-linux-x86_64-fedora-gcc 0.2.2 26.18 NOTE
r-devel-windows-ix86+x86_64 0.2.2 4.00 30.00 34.00 NOTE
r-devel-windows-x86_64-gcc10-UCRT 0.2.2 NOTE
r-patched-linux-x86_64 0.2.2 2.05 21.11 23.16 OK
r-patched-solaris-x86 0.2.2 45.00 OK
r-release-linux-x86_64 0.2.2 OK
r-release-macos-x86_64 0.2.2 OK
r-release-windows-ix86+x86_64 0.2.2 4.00 36.00 40.00 OK
r-oldrel-macos-x86_64 0.2.2 OK
r-oldrel-windows-ix86+x86_64 0.2.2 4.00 28.00 32.00 OK

Check Details

Version: 0.2.2
Check: LazyData
Result: NOTE
     'LazyData' is specified without a 'data' directory
Flavors: r-devel-linux-x86_64-debian-clang, r-devel-linux-x86_64-debian-gcc, r-devel-linux-x86_64-fedora-clang, r-devel-linux-x86_64-fedora-gcc, r-devel-windows-ix86+x86_64, r-devel-windows-x86_64-gcc10-UCRT