CRAN Package Check Results for Package readmnist

Last updated on 2021-10-26 06:00:01 CEST.

Flavor Version Tinstall Tcheck Ttotal Status Flags
r-devel-linux-x86_64-debian-clang 1.0.6 1.64 18.11 19.75 NOTE
r-devel-linux-x86_64-debian-gcc 1.0.6 1.39 14.39 15.78 NOTE
r-devel-linux-x86_64-fedora-clang 1.0.6 35.02 NOTE
r-devel-linux-x86_64-fedora-gcc 1.0.6 25.39 NOTE
r-devel-windows-x86_64 1.0.6 3.00 28.00 31.00 NOTE
r-devel-windows-x86_64-gcc10-UCRT 1.0.6 NOTE
r-patched-linux-x86_64 1.0.6 1.77 17.60 19.37 NOTE
r-patched-solaris-x86 1.0.6 39.10 NOTE
r-release-linux-x86_64 1.0.6 1.65 17.87 19.52 NOTE
r-release-macos-arm64 1.0.6 NOTE
r-release-macos-x86_64 1.0.6 NOTE
r-release-windows-ix86+x86_64 1.0.6 8.00 26.00 34.00 NOTE
r-oldrel-macos-x86_64 1.0.6 OK
r-oldrel-windows-ix86+x86_64 1.0.6 4.00 23.00 27.00 OK

Check Details

Version: 1.0.6
Check: LazyData
Result: NOTE
     'LazyData' is specified without a 'data' directory
Flavors: r-devel-linux-x86_64-debian-clang, r-devel-linux-x86_64-debian-gcc, r-devel-linux-x86_64-fedora-clang, r-devel-linux-x86_64-fedora-gcc, r-devel-windows-x86_64, r-devel-windows-x86_64-gcc10-UCRT, r-patched-linux-x86_64, r-patched-solaris-x86, r-release-linux-x86_64, r-release-macos-arm64, r-release-macos-x86_64, r-release-windows-ix86+x86_64