Last updated on 2021-01-18 05:47:36 CET.
Flavor | Version | Tinstall | Tcheck | Ttotal | Status | Flags |
---|---|---|---|---|---|---|
r-devel-linux-x86_64-debian-clang | 0.5.2 | 55.88 | 91.45 | 147.33 | OK | |
r-devel-linux-x86_64-debian-gcc | 0.5.2 | 36.41 | 67.01 | 103.42 | OK | |
r-devel-linux-x86_64-fedora-clang | 0.5.2 | 195.18 | NOTE | |||
r-devel-linux-x86_64-fedora-gcc | 0.5.2 | 171.80 | OK | |||
r-devel-windows-ix86+x86_64 | 0.5.2 | 102.00 | 138.00 | 240.00 | NOTE | |
r-patched-linux-x86_64 | 0.5.2 | 46.43 | 83.69 | 130.12 | OK | |
r-patched-solaris-x86 | 0.5.2 | 195.60 | OK | |||
r-release-linux-x86_64 | 0.5.2 | 44.63 | 83.57 | 128.20 | OK | |
r-release-macos-x86_64 | 0.5.2 | NOTE | ||||
r-release-windows-ix86+x86_64 | 0.5.2 | 105.00 | 140.00 | 245.00 | NOTE | |
r-oldrel-macos-x86_64 | 0.5.2 | NOTE | ||||
r-oldrel-windows-ix86+x86_64 | 0.5.2 | 111.00 | 161.00 | 272.00 | NOTE |
Version: 0.5.2
Check: installed package size
Result: NOTE
installed size is 6.3Mb
sub-directories of 1Mb or more:
doc 3.3Mb
libs 2.4Mb
Flavors: r-devel-linux-x86_64-fedora-clang, r-devel-windows-ix86+x86_64, r-release-macos-x86_64, r-release-windows-ix86+x86_64, r-oldrel-macos-x86_64, r-oldrel-windows-ix86+x86_64