CRAN Package Check Results for Package refuge

Last updated on 2024-06-21 06:58:21 CEST.

Flavor Version Tinstall Tcheck Ttotal Status Flags
r-devel-linux-x86_64-debian-clang 0.3.3 4.20 47.42 51.62 NOTE
r-devel-linux-x86_64-debian-gcc 0.3.3 3.91 36.00 39.91 NOTE
r-devel-linux-x86_64-fedora-clang 0.3.3 67.76 NOTE
r-devel-linux-x86_64-fedora-gcc 0.3.3 75.85 NOTE
r-devel-windows-x86_64 0.3.3 6.00 55.00 61.00 NOTE
r-patched-linux-x86_64 0.3.3 4.25 45.81 50.06 NOTE
r-release-linux-x86_64 0.3.3 3.40 44.55 47.95 NOTE
r-release-macos-arm64 0.3.3 30.00 NOTE
r-release-macos-x86_64 0.3.3 43.00 NOTE
r-release-windows-x86_64 0.3.3 6.00 59.00 65.00 NOTE
r-oldrel-macos-arm64 0.3.3 28.00 NOTE
r-oldrel-macos-x86_64 0.3.3 43.00 NOTE
r-oldrel-windows-x86_64 0.3.3 7.00 59.00 66.00 NOTE

Check Details

Version: 0.3.3
Check: LazyData
Result: NOTE 'LazyData' is specified without a 'data' directory Flavors: r-devel-linux-x86_64-debian-clang, r-devel-linux-x86_64-debian-gcc, r-devel-linux-x86_64-fedora-clang, r-devel-linux-x86_64-fedora-gcc, r-devel-windows-x86_64, r-patched-linux-x86_64, r-release-linux-x86_64, r-release-macos-arm64, r-release-macos-x86_64, r-release-windows-x86_64, r-oldrel-macos-arm64, r-oldrel-macos-x86_64, r-oldrel-windows-x86_64