Last updated on 2023-02-08 06:00:14 CET.
Flavor | Version | Tinstall | Tcheck | Ttotal | Status | Flags |
---|---|---|---|---|---|---|
r-devel-linux-x86_64-debian-clang | 1.5.2 | 45.09 | 30.74 | 75.83 | NOTE | |
r-devel-linux-x86_64-debian-gcc | 1.5.2 | 37.99 | 23.33 | 61.32 | NOTE | |
r-devel-linux-x86_64-fedora-clang | 1.5.2 | 100.05 | NOTE | |||
r-devel-linux-x86_64-fedora-gcc | 1.5.2 | 104.95 | NOTE | |||
r-devel-windows-x86_64 | 1.5.2 | 1180.00 | 118.00 | 1298.00 | NOTE | |
r-patched-linux-x86_64 | 1.5.2 | 38.64 | 29.90 | 68.54 | OK | |
r-release-linux-x86_64 | 1.5.2 | 38.38 | 30.24 | 68.62 | OK | |
r-release-macos-arm64 | 1.5.2 | 50.00 | NOTE | |||
r-release-macos-x86_64 | 1.5.2 | 45.00 | NOTE | |||
r-release-windows-x86_64 | 1.5.2 | 977.00 | 112.00 | 1089.00 | NOTE | |
r-oldrel-macos-arm64 | 1.5.2 | 38.00 | NOTE | |||
r-oldrel-macos-x86_64 | 1.5.2 | 52.00 | NOTE | |||
r-oldrel-windows-ix86+x86_64 | 1.5.2 | 101.00 | 93.00 | 194.00 | NOTE |
Version: 1.5.2
Check: C++ specification
Result: NOTE
Specified C++11: please update to current default of C++17
Flavors: r-devel-linux-x86_64-debian-clang, r-devel-windows-x86_64
Version: 1.5.2
Check: C++ specification
Result: NOTE
Specified C++11: please drop specification unless essential
Flavors: r-devel-linux-x86_64-debian-gcc, r-devel-linux-x86_64-fedora-clang, r-devel-linux-x86_64-fedora-gcc
Version: 1.5.2
Check: installed package size
Result: NOTE
installed size is 7.2Mb
sub-directories of 1Mb or more:
include 6.4Mb
Flavors: r-devel-linux-x86_64-fedora-clang, r-devel-windows-x86_64, r-release-macos-arm64, r-release-macos-x86_64, r-release-windows-x86_64, r-oldrel-macos-arm64, r-oldrel-macos-x86_64, r-oldrel-windows-ix86+x86_64