CRAN Package Check Results for Package reinsureR

Last updated on 2021-06-13 05:51:16 CEST.

Flavor Version Tinstall Tcheck Ttotal Status Flags
r-devel-linux-x86_64-debian-clang 0.1.0 8.49 56.11 64.60 NOTE
r-devel-linux-x86_64-debian-gcc 0.1.0 7.30 42.93 50.23 NOTE
r-devel-linux-x86_64-fedora-clang 0.1.0 84.32 NOTE
r-devel-linux-x86_64-fedora-gcc 0.1.0 75.57 NOTE
r-devel-windows-x86_64 0.1.0 18.00 75.00 93.00 NOTE
r-devel-windows-x86_64-gcc10-UCRT 0.1.0 NOTE
r-patched-linux-x86_64 0.1.0 9.11 52.22 61.33 NOTE
r-patched-solaris-x86 0.1.0 114.10 NOTE
r-release-linux-x86_64 0.1.0 6.92 53.23 60.15 NOTE
r-release-macos-arm64 0.1.0 NOTE
r-release-macos-x86_64 0.1.0 NOTE
r-release-windows-ix86+x86_64 0.1.0 22.00 79.00 101.00 NOTE
r-oldrel-macos-x86_64 0.1.0 OK
r-oldrel-windows-ix86+x86_64 0.1.0 23.00 80.00 103.00 OK

Check Details

Version: 0.1.0
Check: LazyData
Result: NOTE
     'LazyData' is specified without a 'data' directory
Flavors: r-devel-linux-x86_64-debian-clang, r-devel-linux-x86_64-debian-gcc, r-devel-linux-x86_64-fedora-clang, r-devel-linux-x86_64-fedora-gcc, r-devel-windows-x86_64, r-devel-windows-x86_64-gcc10-UCRT, r-patched-linux-x86_64, r-patched-solaris-x86, r-release-linux-x86_64, r-release-macos-arm64, r-release-macos-x86_64, r-release-windows-ix86+x86_64