CRAN Package Check Results for Package reliaR

Last updated on 2019-12-14 05:47:41 CET.

Flavor Version Tinstall Tcheck Ttotal Status Flags
r-devel-linux-x86_64-debian-clang 0.01 9.06 54.11 63.17 NOTE
r-devel-linux-x86_64-debian-gcc 0.01 7.85 42.36 50.21 NOTE
r-devel-linux-x86_64-fedora-clang 0.01 76.33 NOTE
r-devel-linux-x86_64-fedora-gcc 0.01 80.43 NOTE
r-devel-windows-ix86+x86_64 0.01 13.00 91.00 104.00 NOTE
r-devel-windows-ix86+x86_64-gcc8 0.01 14.00 101.00 115.00 NOTE
r-patched-linux-x86_64 0.01 7.43 50.78 58.21 NOTE
r-patched-solaris-x86 0.01 88.00 NOTE
r-release-linux-x86_64 0.01 9.01 50.24 59.25 NOTE
r-release-windows-ix86+x86_64 0.01 13.00 95.00 108.00 NOTE
r-release-osx-x86_64 0.01 NOTE
r-oldrel-windows-ix86+x86_64 0.01 11.00 60.00 71.00 NOTE
r-oldrel-osx-x86_64 0.01 NOTE

Check Details

Version: 0.01
Check: DESCRIPTION meta-information
Result: NOTE
    Malformed Title field: should not end in a period.
Flavors: r-devel-linux-x86_64-debian-clang, r-devel-linux-x86_64-debian-gcc, r-devel-linux-x86_64-fedora-clang, r-devel-linux-x86_64-fedora-gcc, r-devel-windows-ix86+x86_64, r-devel-windows-ix86+x86_64-gcc8, r-patched-linux-x86_64, r-patched-solaris-x86, r-release-linux-x86_64, r-release-windows-ix86+x86_64, r-release-osx-x86_64, r-oldrel-windows-ix86+x86_64, r-oldrel-osx-x86_64

Version: 0.01
Check: R code for possible problems
Result: NOTE
    ks.burrX: no visible global function definition for 'ks.test'
    ks.burrX: no visible global function definition for 'ecdf'
    ks.burrX: no visible global function definition for 'lines'
    ks.chen: no visible global function definition for 'ks.test'
    ks.chen: no visible global function definition for 'ecdf'
    ks.chen: no visible global function definition for 'lines'
    ks.exp.ext: no visible global function definition for 'ks.test'
    ks.exp.ext: no visible global function definition for 'ecdf'
    ks.exp.ext: no visible global function definition for 'lines'
    ks.exp.power: no visible global function definition for 'ks.test'
    ks.exp.power: no visible global function definition for 'ecdf'
    ks.exp.power: no visible global function definition for 'lines'
    ks.expo.logistic: no visible global function definition for 'ks.test'
    ks.expo.logistic: no visible global function definition for 'ecdf'
    ks.expo.logistic: no visible global function definition for 'lines'
    ks.expo.weibull: no visible global function definition for 'ks.test'
    ks.expo.weibull: no visible global function definition for 'ecdf'
    ks.expo.weibull: no visible global function definition for 'lines'
    ks.flex.weibull: no visible global function definition for 'ks.test'
    ks.flex.weibull: no visible global function definition for 'ecdf'
    ks.flex.weibull: no visible global function definition for 'lines'
    ks.gen.exp: no visible global function definition for 'ks.test'
    ks.gen.exp: no visible global function definition for 'ecdf'
    ks.gen.exp: no visible global function definition for 'lines'
    ks.gompertz: no visible global function definition for 'ks.test'
    ks.gompertz: no visible global function definition for 'ecdf'
    ks.gompertz: no visible global function definition for 'lines'
    ks.gp.weibull: no visible global function definition for 'ks.test'
    ks.gp.weibull: no visible global function definition for 'ecdf'
    ks.gp.weibull: no visible global function definition for 'lines'
    ks.gumbel: no visible global function definition for 'ks.test'
    ks.gumbel: no visible global function definition for 'ecdf'
    ks.gumbel: no visible global function definition for 'lines'
    ks.inv.genexp: no visible global function definition for 'ks.test'
    ks.inv.genexp: no visible global function definition for 'ecdf'
    ks.inv.genexp: no visible global function definition for 'lines'
    ks.lfr: no visible global function definition for 'ks.test'
    ks.lfr: no visible global function definition for 'ecdf'
    ks.lfr: no visible global function definition for 'lines'
    ks.log.gamma: no visible global function definition for 'ks.test'
    ks.log.gamma: no visible global function definition for 'ecdf'
    ks.log.gamma: no visible global function definition for 'lines'
    ks.logis.exp: no visible global function definition for 'ks.test'
    ks.logis.exp: no visible global function definition for 'ecdf'
    ks.logis.exp: no visible global function definition for 'lines'
    ks.logis.rayleigh: no visible global function definition for 'ks.test'
    ks.logis.rayleigh: no visible global function definition for 'ecdf'
    ks.logis.rayleigh: no visible global function definition for 'lines'
    ks.loglog: no visible global function definition for 'ks.test'
    ks.loglog: no visible global function definition for 'ecdf'
    ks.loglog: no visible global function definition for 'lines'
    ks.moee: no visible global function definition for 'ks.test'
    ks.moee: no visible global function definition for 'ecdf'
    ks.moee: no visible global function definition for 'lines'
    ks.moew: no visible global function definition for 'ks.test'
    ks.moew: no visible global function definition for 'ecdf'
    ks.moew: no visible global function definition for 'lines'
    ks.weibull.ext: no visible global function definition for 'ks.test'
    ks.weibull.ext: no visible global function definition for 'ecdf'
    ks.weibull.ext: no visible global function definition for 'lines'
    pp.burrX: no visible global function definition for 'plot'
    pp.burrX: no visible global function definition for 'lines'
    pp.burrX: no visible global function definition for 'cor'
    pp.chen: no visible global function definition for 'plot'
    pp.chen: no visible global function definition for 'lines'
    pp.chen: no visible global function definition for 'cor'
    pp.exp.ext: no visible global function definition for 'plot'
    pp.exp.ext: no visible global function definition for 'lines'
    pp.exp.ext: no visible global function definition for 'cor'
    pp.exp.power: no visible global function definition for 'plot'
    pp.exp.power: no visible global function definition for 'lines'
    pp.exp.power: no visible global function definition for 'cor'
    pp.expo.logistic: no visible global function definition for 'plot'
    pp.expo.logistic: no visible global function definition for 'lines'
    pp.expo.logistic: no visible global function definition for 'cor'
    pp.expo.weibull: no visible global function definition for 'plot'
    pp.expo.weibull: no visible global function definition for 'lines'
    pp.expo.weibull: no visible global function definition for 'cor'
    pp.flex.weibull: no visible global function definition for 'plot'
    pp.flex.weibull: no visible global function definition for 'lines'
    pp.flex.weibull: no visible global function definition for 'cor'
    pp.gen.exp: no visible global function definition for 'plot'
    pp.gen.exp: no visible global function definition for 'lines'
    pp.gen.exp: no visible global function definition for 'cor'
    pp.gompertz: no visible global function definition for 'plot'
    pp.gompertz: no visible global function definition for 'lines'
    pp.gompertz: no visible global function definition for 'cor'
    pp.gp.weibull: no visible global function definition for 'plot'
    pp.gp.weibull: no visible global function definition for 'lines'
    pp.gp.weibull: no visible global function definition for 'cor'
    pp.gumbel: no visible global function definition for 'plot'
    pp.gumbel: no visible global function definition for 'lines'
    pp.gumbel: no visible global function definition for 'cor'
    pp.inv.genexp: no visible global function definition for 'plot'
    pp.inv.genexp: no visible global function definition for 'lines'
    pp.inv.genexp: no visible global function definition for 'cor'
    pp.lfr: no visible global function definition for 'plot'
    pp.lfr: no visible global function definition for 'lines'
    pp.lfr: no visible global function definition for 'cor'
    pp.log.gamma: no visible global function definition for 'plot'
    pp.log.gamma: no visible global function definition for 'lines'
    pp.log.gamma: no visible global function definition for 'cor'
    pp.logis.exp: no visible global function definition for 'plot'
    pp.logis.exp: no visible global function definition for 'lines'
    pp.logis.exp: no visible global function definition for 'cor'
    pp.logis.rayleigh: no visible global function definition for 'plot'
    pp.logis.rayleigh: no visible global function definition for 'lines'
    pp.logis.rayleigh: no visible global function definition for 'cor'
    pp.loglog: no visible global function definition for 'plot'
    pp.loglog: no visible global function definition for 'lines'
    pp.loglog: no visible global function definition for 'cor'
    pp.moee: no visible global function definition for 'plot'
    pp.moee: no visible global function definition for 'lines'
    pp.moee: no visible global function definition for 'cor'
    pp.moew: no visible global function definition for 'plot'
    pp.moew: no visible global function definition for 'lines'
    pp.moew: no visible global function definition for 'cor'
    pp.weibull.ext: no visible global function definition for 'plot'
    pp.weibull.ext: no visible global function definition for 'lines'
    pp.weibull.ext: no visible global function definition for 'cor'
    qq.burrX: no visible global function definition for 'plot'
    qq.burrX: no visible global function definition for 'lines'
    qq.burrX: no visible global function definition for 'quantile'
    qq.burrX: no visible global function definition for 'abline'
    qq.chen: no visible global function definition for 'plot'
    qq.chen: no visible global function definition for 'lines'
    qq.chen: no visible global function definition for 'quantile'
    qq.chen: no visible global function definition for 'abline'
    qq.exp.ext: no visible global function definition for 'plot'
    qq.exp.ext: no visible global function definition for 'lines'
    qq.exp.ext: no visible global function definition for 'quantile'
    qq.exp.ext: no visible global function definition for 'abline'
    qq.exp.power: no visible global function definition for 'plot'
    qq.exp.power: no visible global function definition for 'lines'
    qq.exp.power: no visible global function definition for 'quantile'
    qq.exp.power: no visible global function definition for 'abline'
    qq.expo.logistic: no visible global function definition for 'plot'
    qq.expo.logistic: no visible global function definition for 'lines'
    qq.expo.logistic: no visible global function definition for 'quantile'
    qq.expo.logistic: no visible global function definition for 'abline'
    qq.expo.weibull: no visible global function definition for 'plot'
    qq.expo.weibull: no visible global function definition for 'lines'
    qq.expo.weibull: no visible global function definition for 'quantile'
    qq.expo.weibull: no visible global function definition for 'abline'
    qq.flex.weibull: no visible global function definition for 'plot'
    qq.flex.weibull: no visible global function definition for 'lines'
    qq.flex.weibull: no visible global function definition for 'quantile'
    qq.flex.weibull: no visible global function definition for 'abline'
    qq.gen.exp: no visible global function definition for 'plot'
    qq.gen.exp: no visible global function definition for 'lines'
    qq.gen.exp: no visible global function definition for 'quantile'
    qq.gen.exp: no visible global function definition for 'abline'
    qq.gompertz: no visible global function definition for 'plot'
    qq.gompertz: no visible global function definition for 'lines'
    qq.gompertz: no visible global function definition for 'quantile'
    qq.gompertz: no visible global function definition for 'abline'
    qq.gp.weibull: no visible global function definition for 'plot'
    qq.gp.weibull: no visible global function definition for 'lines'
    qq.gp.weibull: no visible global function definition for 'quantile'
    qq.gp.weibull: no visible global function definition for 'abline'
    qq.gumbel: no visible global function definition for 'plot'
    qq.gumbel: no visible global function definition for 'lines'
    qq.gumbel: no visible global function definition for 'quantile'
    qq.gumbel: no visible global function definition for 'abline'
    qq.inv.genexp: no visible global function definition for 'plot'
    qq.inv.genexp: no visible global function definition for 'lines'
    qq.inv.genexp: no visible global function definition for 'quantile'
    qq.inv.genexp: no visible global function definition for 'abline'
    qq.lfr: no visible global function definition for 'plot'
    qq.lfr: no visible global function definition for 'lines'
    qq.lfr: no visible global function definition for 'quantile'
    qq.lfr: no visible global function definition for 'abline'
    qq.log.gamma: no visible global function definition for 'plot'
    qq.log.gamma: no visible global function definition for 'lines'
    qq.log.gamma: no visible global function definition for 'quantile'
    qq.log.gamma: no visible global function definition for 'abline'
    qq.logis.exp: no visible global function definition for 'plot'
    qq.logis.exp: no visible global function definition for 'lines'
    qq.logis.exp: no visible global function definition for 'quantile'
    qq.logis.exp: no visible global function definition for 'abline'
    qq.logis.rayleigh: no visible global function definition for 'plot'
    qq.logis.rayleigh: no visible global function definition for 'lines'
    qq.logis.rayleigh: no visible global function definition for 'quantile'
    qq.logis.rayleigh: no visible global function definition for 'abline'
    qq.loglog: no visible global function definition for 'plot'
    qq.loglog: no visible global function definition for 'lines'
    qq.loglog: no visible global function definition for 'quantile'
    qq.loglog: no visible global function definition for 'abline'
    qq.moee: no visible global function definition for 'plot'
    qq.moee: no visible global function definition for 'lines'
    qq.moee: no visible global function definition for 'quantile'
    qq.moee: no visible global function definition for 'abline'
    qq.moew: no visible global function definition for 'plot'
    qq.moew: no visible global function definition for 'lines'
    qq.moew: no visible global function definition for 'quantile'
    qq.moew: no visible global function definition for 'abline'
    qq.weibull.ext: no visible global function definition for 'plot'
    qq.weibull.ext: no visible global function definition for 'lines'
    qq.weibull.ext: no visible global function definition for 'quantile'
    qq.weibull.ext: no visible global function definition for 'abline'
    rburrX: no visible global function definition for 'runif'
    rchen: no visible global function definition for 'runif'
    rexp.ext: no visible global function definition for 'runif'
    rexp.power: no visible global function definition for 'runif'
    rexpo.logistic: no visible global function definition for 'runif'
    rexpo.weibull: no visible global function definition for 'runif'
    rflex.weibull: no visible global function definition for 'runif'
    rgen.exp: no visible global function definition for 'runif'
    rgompertz: no visible global function definition for 'runif'
    rgp.weibull: no visible global function definition for 'runif'
    rgumbel: no visible global function definition for 'runif'
    rinv.genexp: no visible global function definition for 'runif'
    rlfr: no visible global function definition for 'runif'
    rlog.gamma: no visible global function definition for 'runif'
    rlogis.exp: no visible global function definition for 'runif'
    rlogis.rayleigh: no visible global function definition for 'runif'
    rloglog: no visible global function definition for 'runif'
    rmoee: no visible global function definition for 'runif'
    rmoew: no visible global function definition for 'runif'
    rweibull.ext: no visible global function definition for 'runif'
    Undefined global functions or variables:
     abline cor ecdf ks.test lines plot quantile runif
    Consider adding
     importFrom("graphics", "abline", "lines", "plot")
     importFrom("stats", "cor", "ecdf", "ks.test", "quantile", "runif")
    to your NAMESPACE file.
Flavors: r-devel-linux-x86_64-debian-clang, r-devel-linux-x86_64-debian-gcc, r-devel-linux-x86_64-fedora-clang, r-devel-linux-x86_64-fedora-gcc, r-devel-windows-ix86+x86_64, r-devel-windows-ix86+x86_64-gcc8, r-patched-linux-x86_64, r-patched-solaris-x86, r-release-linux-x86_64, r-release-windows-ix86+x86_64, r-release-osx-x86_64, r-oldrel-windows-ix86+x86_64, r-oldrel-osx-x86_64