CRAN Package Check Results for Package reliabilitydiag

Last updated on 2024-06-13 06:58:15 CEST.

Flavor Version Tinstall Tcheck Ttotal Status Flags
r-devel-linux-x86_64-debian-clang 0.2.1 6.06 64.00 70.06 OK
r-devel-linux-x86_64-debian-gcc 0.2.1 0.32 1.72 2.04 ERROR
r-devel-linux-x86_64-fedora-clang 0.2.1 90.11 OK
r-devel-linux-x86_64-fedora-gcc 0.2.1 83.54 OK
r-devel-windows-x86_64 0.2.1 7.00 67.00 74.00 OK
r-patched-linux-x86_64 0.2.1 5.91 61.39 67.30 OK
r-release-linux-x86_64 0.2.1 3.80 61.27 65.07 OK
r-release-macos-arm64 0.2.1 28.00 OK
r-release-macos-x86_64 0.2.1 39.00 OK
r-release-windows-x86_64 0.2.1 9.00 72.00 81.00 OK
r-oldrel-macos-arm64 0.2.1 29.00 OK
r-oldrel-macos-x86_64 0.2.1 42.00 OK
r-oldrel-windows-x86_64 0.2.1 8.00 77.00 85.00 OK

Check Details

Version: 0.2.1
Check: package dependencies
Result: ERROR Packages required but not available: 'tidyr', 'ggplot2', 'ggExtra', 'dplyr', 'purrr', 'tibble', 'vctrs', 'bde' See section ‘The DESCRIPTION file’ in the ‘Writing R Extensions’ manual. Flavor: r-devel-linux-x86_64-debian-gcc