CRAN Package Check Results for Package repolr

Last updated on 2021-01-15 05:49:02 CET.

Flavor Version Tinstall Tcheck Ttotal Status Flags
r-devel-linux-x86_64-debian-clang 3.4 173.96 37.48 211.44 OK
r-devel-linux-x86_64-debian-gcc 3.4 125.23 29.82 155.05 OK
r-devel-linux-x86_64-fedora-clang 3.4 313.15 NOTE
r-devel-linux-x86_64-fedora-gcc 3.4 284.20 NOTE
r-devel-windows-ix86+x86_64 3.4 297.00 92.00 389.00 OK
r-patched-linux-x86_64 3.4 152.55 36.55 189.10 OK
r-patched-solaris-x86 3.4 235.10 OK
r-release-linux-x86_64 3.4 140.81 36.37 177.18 OK
r-release-macos-x86_64 3.4 NOTE
r-release-windows-ix86+x86_64 3.4 387.00 81.00 468.00 OK
r-oldrel-macos-x86_64 3.4 NOTE
r-oldrel-windows-ix86+x86_64 3.4 259.00 67.00 326.00 OK

Check Details

Version: 3.4
Check: installed package size
Result: NOTE
     installed size is 14.5Mb
     sub-directories of 1Mb or more:
     libs 14.3Mb
Flavors: r-devel-linux-x86_64-fedora-clang, r-release-macos-x86_64, r-oldrel-macos-x86_64

Version: 3.4
Check: compiled code
Result: NOTE
    File ‘repolr/libs/repolr.so’:
     Found no calls to: ‘R_registerRoutines’, ‘R_useDynamicSymbols’
    
    It is good practice to register native routines and to disable symbol
    search.
    
    See ‘Writing portable packages’ in the ‘Writing R Extensions’ manual.
Flavors: r-devel-linux-x86_64-fedora-clang, r-devel-linux-x86_64-fedora-gcc