CRAN Package Check Results for Package reporter

Last updated on 2022-01-28 05:49:08 CET.

Flavor Version Tinstall Tcheck Ttotal Status Flags
r-devel-linux-x86_64-debian-clang 1.2.8 17.98 324.93 342.91 OK
r-devel-linux-x86_64-debian-gcc 1.2.9 17.05 246.77 263.82 OK
r-devel-linux-x86_64-fedora-clang 1.2.9 416.44 OK
r-devel-linux-x86_64-fedora-gcc 1.2.9 439.03 OK
r-devel-windows-x86_64-new-UL 1.2.9 97.00 361.00 458.00 OK
r-devel-windows-x86_64-new-TK 1.2.8 NOTE
r-patched-linux-x86_64 1.2.8 17.12 312.19 329.31 OK
r-release-linux-x86_64 1.2.8 18.02 307.29 325.31 OK
r-release-macos-arm64 1.2.9 OK
r-release-macos-x86_64 1.2.8 OK
r-release-windows-ix86+x86_64 1.2.8 29.00 423.00 452.00 OK
r-oldrel-macos-x86_64 1.2.8 OK
r-oldrel-windows-ix86+x86_64 1.2.8 28.00 416.00 444.00 OK

Check Details

Version: 1.2.8
Check: package dependencies
Result: NOTE
    Package suggested but not available for checking: 'survminer'
Flavor: r-devel-windows-x86_64-new-TK

Version: 1.2.8
Check: Rd cross-references
Result: NOTE
    Package unavailable to check Rd xrefs: 'survminer'
Flavor: r-devel-windows-x86_64-new-TK