CRAN Package Check Results for Package repurrrsive

Last updated on 2024-06-13 06:58:15 CEST.

Flavor Version Tinstall Tcheck Ttotal Status Flags
r-devel-linux-x86_64-debian-clang 1.1.0 3.80 50.09 53.89 OK
r-devel-linux-x86_64-debian-gcc 1.1.0 0.69 1.52 2.21 ERROR
r-devel-linux-x86_64-fedora-clang 1.1.0 69.73 NOTE
r-devel-linux-x86_64-fedora-gcc 1.1.0 65.61 NOTE
r-devel-windows-x86_64 1.1.0 6.00 65.00 71.00 OK
r-patched-linux-x86_64 1.1.0 5.04 48.34 53.38 OK
r-release-linux-x86_64 1.1.0 3.91 48.23 52.14 OK
r-release-macos-arm64 1.1.0 23.00 OK
r-release-macos-x86_64 1.1.0 35.00 OK
r-release-windows-x86_64 1.1.0 6.00 103.00 109.00 OK
r-oldrel-macos-arm64 1.1.0 26.00 OK
r-oldrel-macos-x86_64 1.1.0 34.00 OK
r-oldrel-windows-x86_64 1.1.0 7.00 70.00 77.00 OK

Check Details

Version: 1.1.0
Check: package dependencies
Result: ERROR Package required but not available: ‘tibble’ Package suggested but not available for checking: ‘testthat’ See section ‘The DESCRIPTION file’ in the ‘Writing R Extensions’ manual. Flavor: r-devel-linux-x86_64-debian-gcc

Version: 1.1.0
Check: Rd cross-references
Result: NOTE Undeclared package ‘wesanderson’ in Rd xrefs Flavor: r-devel-linux-x86_64-fedora-clang

Version: 1.1.0
Check: data for non-ASCII characters
Result: NOTE Note: found 25 marked UTF-8 strings Flavors: r-devel-linux-x86_64-fedora-clang, r-devel-linux-x86_64-fedora-gcc