CRAN Package Check Results for Package repurrrsive

Last updated on 2021-07-23 05:52:04 CEST.

Flavor Version Tinstall Tcheck Ttotal Status Flags
r-devel-linux-x86_64-debian-clang 1.0.0 3.67 42.56 46.23 OK
r-devel-linux-x86_64-debian-gcc 1.0.0 2.98 32.78 35.76 OK
r-devel-linux-x86_64-fedora-clang 1.0.0 64.35 NOTE
r-devel-linux-x86_64-fedora-gcc 1.0.0 53.60 NOTE
r-devel-windows-x86_64 1.0.0 5.00 50.00 55.00 OK
r-devel-windows-x86_64-gcc10-UCRT 1.0.0 NOTE
r-patched-linux-x86_64 1.0.0 3.82 41.68 45.50 OK
r-patched-solaris-x86 1.0.0 81.70 NOTE
r-release-linux-x86_64 1.0.0 3.82 41.39 45.21 OK
r-release-macos-arm64 1.0.0 NOTE
r-release-macos-x86_64 1.0.0 NOTE
r-release-windows-ix86+x86_64 1.0.0 9.00 45.00 54.00 OK
r-oldrel-macos-x86_64 1.0.0 NOTE
r-oldrel-windows-ix86+x86_64 1.0.0 9.00 58.00 67.00 OK

Check Details

Version: 1.0.0
Check: data for non-ASCII characters
Result: NOTE
     Note: found 25 marked UTF-8 strings
Flavors: r-devel-linux-x86_64-fedora-clang, r-devel-linux-x86_64-fedora-gcc, r-devel-windows-x86_64-gcc10-UCRT, r-patched-solaris-x86, r-release-macos-arm64, r-release-macos-x86_64, r-oldrel-macos-x86_64