CRAN Package Check Results for Package reshape

Last updated on 2020-02-20 05:48:34 CET.

Flavor Version Tinstall Tcheck Ttotal Status Flags
r-devel-linux-x86_64-debian-clang 0.8.8 3.62 33.37 36.99 OK
r-devel-linux-x86_64-debian-gcc 0.8.8 3.23 25.42 28.65 OK
r-devel-linux-x86_64-fedora-clang 0.8.8 45.72 OK
r-devel-linux-x86_64-fedora-gcc 0.8.8 44.72 OK
r-devel-windows-ix86+x86_64 0.8.8 9.00 45.00 54.00 OK
r-devel-windows-ix86+x86_64-gcc8 0.8.8 13.00 51.00 64.00 OK
r-patched-linux-x86_64 0.8.8 3.31 29.50 32.81 OK
r-patched-solaris-x86 0.8.8 62.00 OK
r-release-linux-x86_64 0.8.8 3.32 30.86 34.18 OK
r-release-windows-ix86+x86_64 0.8.8 10.00 45.00 55.00 OK
r-release-osx-x86_64 0.8.8 OK
r-oldrel-windows-ix86+x86_64 0.8.8 5.00 48.00 53.00 OK
r-oldrel-osx-x86_64 0.8.8 NOTE

Check Details

Version: 0.8.8
Check: Rd \usage sections
Result: NOTE
    S3 methods shown with full name in documentation object 'all.vars.character':
     ‘all.vars.character’
    
    The \usage entries for S3 methods should use the \method markup and not
    their full name.
    See chapter ‘Writing R documentation files’ in the ‘Writing R
    Extensions’ manual.
Flavor: r-oldrel-osx-x86_64