CRAN Package Check Results for Package reshape

Last updated on 2020-09-22 05:51:02 CEST.

Flavor Version Tinstall Tcheck Ttotal Status Flags
r-devel-linux-x86_64-debian-clang 0.8.8 3.92 32.62 36.54 OK
r-devel-linux-x86_64-debian-gcc 0.8.8 0.35 2.09 2.44 ERROR
r-devel-linux-x86_64-fedora-clang 0.8.8 54.59 OK
r-devel-linux-x86_64-fedora-gcc 0.8.8 44.74 OK
r-devel-windows-ix86+x86_64 0.8.8 9.00 41.00 50.00 OK
r-patched-linux-x86_64 0.8.8 3.48 32.99 36.47 OK
r-patched-solaris-x86 0.8.8 66.50 OK
r-release-linux-x86_64 0.8.8 3.43 34.13 37.56 OK
r-release-macos-x86_64 0.8.8 OK
r-release-windows-ix86+x86_64 0.8.8 8.00 47.00 55.00 OK
r-oldrel-macos-x86_64 0.8.8 OK
r-oldrel-windows-ix86+x86_64 0.8.8 6.00 53.00 59.00 OK

Check Details

Version: 0.8.8
Check: whether package can be installed
Result: ERROR
    Installation failed.
Flavor: r-devel-linux-x86_64-debian-gcc