CRAN Package Check Results for Package revulyticsR

Last updated on 2024-06-13 06:58:15 CEST.

Flavor Version Tinstall Tcheck Ttotal Status Flags
r-devel-linux-x86_64-debian-clang 0.0.3 5.76 45.95 51.71 NOTE
r-devel-linux-x86_64-debian-gcc 0.0.3 0.31 1.72 2.03 ERROR
r-devel-linux-x86_64-fedora-clang 0.0.3 62.93 NOTE
r-devel-linux-x86_64-fedora-gcc 0.0.3 59.19 NOTE
r-devel-windows-x86_64 0.0.3 5.00 60.00 65.00 NOTE
r-patched-linux-x86_64 0.0.3 4.68 43.01 47.69 NOTE
r-release-linux-x86_64 0.0.3 3.05 43.62 46.67 NOTE
r-release-macos-arm64 0.0.3 23.00 NOTE
r-release-macos-x86_64 0.0.3 32.00 NOTE
r-release-windows-x86_64 0.0.3 6.00 61.00 67.00 NOTE
r-oldrel-macos-arm64 0.0.3 25.00 NOTE
r-oldrel-macos-x86_64 0.0.3 35.00 NOTE
r-oldrel-windows-x86_64 0.0.3 7.00 64.00 71.00 NOTE

Check Details

Version: 0.0.3
Check: LazyData
Result: NOTE 'LazyData' is specified without a 'data' directory Flavors: r-devel-linux-x86_64-debian-clang, r-devel-linux-x86_64-fedora-clang, r-devel-linux-x86_64-fedora-gcc, r-devel-windows-x86_64, r-patched-linux-x86_64, r-release-linux-x86_64, r-release-macos-arm64, r-release-macos-x86_64, r-release-windows-x86_64, r-oldrel-macos-arm64, r-oldrel-macos-x86_64, r-oldrel-windows-x86_64

Version: 0.0.3
Check: package dependencies
Result: ERROR Packages required but not available: 'dplyr', 'purrr', 'tidyselect', 'tidyr', 'tibble' Package suggested but not available for checking: ‘ggplot2’ See section ‘The DESCRIPTION file’ in the ‘Writing R Extensions’ manual. Flavor: r-devel-linux-x86_64-debian-gcc