Last updated on 2023-01-27 05:53:12 CET.
Flavor | Version | Tinstall | Tcheck | Ttotal | Status | Flags |
---|---|---|---|---|---|---|
r-devel-linux-x86_64-debian-clang | 1.0.3 | 12.19 | 157.37 | 169.56 | OK | |
r-devel-linux-x86_64-debian-gcc | 1.0.3 | 9.06 | 113.54 | 122.60 | OK | |
r-devel-linux-x86_64-fedora-clang | 1.0.3 | 202.39 | NOTE | |||
r-devel-linux-x86_64-fedora-gcc | 1.0.3 | 221.50 | NOTE | |||
r-patched-linux-x86_64 | 1.0.3 | 12.33 | 145.28 | 157.61 | OK | |
r-release-linux-x86_64 | 1.0.3 | 12.40 | 151.94 | 164.34 | OK | |
r-release-macos-arm64 | 1.0.3 | 48.00 | NOTE | |||
r-release-macos-x86_64 | 1.0.3 | 77.00 | NOTE | |||
r-release-windows-x86_64 | 1.0.3 | 30.00 | 189.00 | 219.00 | OK | |
r-oldrel-macos-arm64 | 1.0.3 | 50.00 | NOTE | |||
r-oldrel-macos-x86_64 | 1.0.3 | 72.00 | NOTE | |||
r-oldrel-windows-ix86+x86_64 | 1.0.3 | 29.00 | 177.00 | 206.00 | OK |
Version: 1.0.3
Check: dependencies in R code
Result: NOTE
Namespace in Imports field not imported from: ‘titanic’
All declared Imports should be used.
Flavors: r-devel-linux-x86_64-fedora-clang, r-devel-linux-x86_64-fedora-gcc, r-release-macos-arm64, r-release-macos-x86_64, r-oldrel-macos-arm64, r-oldrel-macos-x86_64