CRAN Package Check Results for Package rfishbase

Last updated on 2021-10-17 05:49:22 CEST.

Flavor Version Tinstall Tcheck Ttotal Status Flags
r-devel-linux-x86_64-debian-clang 3.1.9 10.87 72.43 83.30 OK
r-devel-linux-x86_64-debian-gcc 3.1.9 9.25 55.62 64.87 OK
r-devel-linux-x86_64-fedora-clang 3.1.9 112.28 NOTE
r-devel-linux-x86_64-fedora-gcc 3.1.9 105.09 NOTE
r-devel-windows-x86_64 3.1.9 19.00 85.00 104.00 OK
r-devel-windows-x86_64-gcc10-UCRT 3.1.9 NOTE
r-patched-linux-x86_64 3.1.9 10.83 68.26 79.09 OK
r-patched-solaris-x86 3.1.9 148.80 NOTE
r-release-linux-x86_64 3.1.9 8.81 68.76 77.57 OK
r-release-macos-arm64 3.1.9 NOTE
r-release-macos-x86_64 3.1.9 NOTE
r-release-windows-ix86+x86_64 3.1.9 29.00 99.00 128.00 OK
r-oldrel-macos-x86_64 3.1.9 NOTE
r-oldrel-windows-ix86+x86_64 3.1.9 23.00 172.00 195.00 OK

Check Details

Version: 3.1.9
Check: data for non-ASCII characters
Result: NOTE
     Note: found 44 marked UTF-8 strings
Flavors: r-devel-linux-x86_64-fedora-clang, r-devel-linux-x86_64-fedora-gcc, r-devel-windows-x86_64-gcc10-UCRT, r-patched-solaris-x86, r-release-macos-arm64, r-release-macos-x86_64, r-oldrel-macos-x86_64